{"id":6058,"date":"2019-11-14T10:18:19","date_gmt":"2019-11-14T10:18:19","guid":{"rendered":"https:\/\/fincacatering.com\/finca-sonpou\/"},"modified":"2024-04-15T12:02:20","modified_gmt":"2024-04-15T12:02:20","slug":"finca-sonpou","status":"publish","type":"page","link":"https:\/\/fincacatering.com\/ca\/finca-sonpou\/","title":{"rendered":"Finca Son Pou"},"content":{"rendered":"<p>[et_pb_section fb_built=&#8221;1&#8243; _builder_version=&#8221;4.16&#8243; global_colors_info=&#8221;{}&#8221;][et_pb_row column_structure=&#8221;3_5,2_5&#8243; _builder_version=&#8221;4.16&#8243; global_colors_info=&#8221;{}&#8221;][et_pb_column type=&#8221;3_5&#8243; _builder_version=&#8221;4.16&#8243; global_colors_info=&#8221;{}&#8221;][et_pb_text _builder_version=&#8221;4.16&#8243; global_colors_info=&#8221;{}&#8221;]<\/p>\n<h2>Finca Son Pou<\/h2>\n<p>Situada al centre de l&#8217;illa de Mallorca, s\u00f3n pou nou \u00e9s un dels pocs llocs on el gust de la Mallorca agr\u00e0ria ha sabut perdurar fins aquests temps.[\/et_pb_text][et_pb_gallery gallery_ids=&#8221;6011,5975,6006,5979,6003,5983,5999,5987,5991,5993&#8243; fullwidth=&#8221;on&#8221; _builder_version=&#8221;4.16&#8243; auto=&#8221;on&#8221; auto_speed=&#8221;2000&#8243; global_colors_info=&#8221;{}&#8221;][\/et_pb_gallery][et_pb_code _builder_version=&#8221;4.19.4&#8243; global_colors_info=&#8221;{}&#8221;]<iframe loading=\"lazy\" width=\"560\" height=\"315\" src=\"https:\/\/www.youtube.com\/embed\/fp7H_4um96I\" title=\"YouTube video player\" frameborder=\"0\" allow=\"accelerometer; autoplay; clipboard-write; encrypted-media; gyroscope; picture-in-picture; web-share\" allowfullscreen><\/iframe>[\/et_pb_code][\/et_pb_column][et_pb_column type=&#8221;2_5&#8243; _builder_version=&#8221;4.16&#8243; global_colors_info=&#8221;{}&#8221;][et_pb_text _builder_version=&#8221;4.16&#8243; global_colors_info=&#8221;{}&#8221;]\n<div class=\"wpcf7 no-js\" id=\"wpcf7-f5574-o1\" lang=\"en-US\" dir=\"ltr\" data-wpcf7-id=\"5574\">\n<div class=\"screen-reader-response\"><p role=\"status\" aria-live=\"polite\" aria-atomic=\"true\"><\/p> <ul><\/ul><\/div>\n<form action=\"\/ca\/wp-json\/wp\/v2\/pages\/6058#wpcf7-f5574-o1\" method=\"post\" class=\"wpcf7-form init\" aria-label=\"Contact form\" novalidate=\"novalidate\" data-status=\"init\">\n<fieldset class=\"hidden-fields-container\"><input type=\"hidden\" name=\"_wpcf7\" value=\"5574\" \/><input type=\"hidden\" name=\"_wpcf7_version\" value=\"6.1.5\" \/><input type=\"hidden\" name=\"_wpcf7_locale\" value=\"en_US\" \/><input type=\"hidden\" name=\"_wpcf7_unit_tag\" value=\"wpcf7-f5574-o1\" \/><input type=\"hidden\" name=\"_wpcf7_container_post\" value=\"0\" \/><input type=\"hidden\" name=\"_wpcf7_posted_data_hash\" value=\"\" \/><input type=\"hidden\" name=\"_wpcf7dtx_version\" value=\"5.0.4\" \/>\n<\/fieldset>\n<span class=\"wpcf7-form-control-wrap finca\" data-name=\"finca\"><input type=\"hidden\" name=\"finca\" class=\"wpcf7-form-control wpcf7-hidden wpcf7dtx wpcf7dtx-hidden\" aria-invalid=\"false\" value=\"Finca Son Pou\"><\/span>\n<div class=\"form-finca\">\n\t<h4>Sol\u00b7licitar informaci\u00f3\n\t<\/h4>\n\t<p>Informa't sobre les nostres tarifes especials.\n\t<\/p>\n\t<p>Nom *\n\t<\/p>\n\t<p><span class=\"wpcf7-form-control-wrap\" data-name=\"your-name\"><input size=\"40\" maxlength=\"400\" class=\"wpcf7-form-control wpcf7-text wpcf7-validates-as-required\" aria-required=\"true\" aria-invalid=\"false\" value=\"\" type=\"text\" name=\"your-name\" \/><\/span>\n\t<\/p>\n\t<p>Email *\n\t<\/p>\n\t<p><span class=\"wpcf7-form-control-wrap\" data-name=\"your-email\"><input size=\"40\" maxlength=\"400\" class=\"wpcf7-form-control wpcf7-email wpcf7-validates-as-required wpcf7-text wpcf7-validates-as-email\" aria-required=\"true\" aria-invalid=\"false\" value=\"\" type=\"email\" name=\"your-email\" \/><\/span>\n\t<\/p>\n\t<p>Tel\u00e8fon\n\t<\/p>\n\t<p><span class=\"wpcf7-form-control-wrap\" data-name=\"your-phone\"><input size=\"40\" maxlength=\"400\" class=\"wpcf7-form-control wpcf7-text\" aria-invalid=\"false\" value=\"\" type=\"text\" name=\"your-phone\" \/><\/span>\n\t<\/p>\n\t<p>Comentaris\n\t<\/p>\n\t<p><span class=\"wpcf7-form-control-wrap\" data-name=\"your-message\"><textarea cols=\"40\" rows=\"10\" maxlength=\"2000\" class=\"wpcf7-form-control wpcf7-textarea\" aria-invalid=\"false\" name=\"your-message\"><\/textarea><\/span>\n\t<\/p>\n\t<p><span class=\"wpcf7-form-control-wrap\" data-name=\"politica\"><span class=\"wpcf7-form-control wpcf7-acceptance\"><span class=\"wpcf7-list-item\"><input type=\"checkbox\" name=\"politica\" value=\"1\" aria-invalid=\"false\" \/><\/span><\/span><\/span> He llegit i accepto la <a href=\"https:\/\/fincacatering.com\/aviso-legal\/\">pol\u00edtica de privacitat<\/a>\n\t<\/p>\n\t<p><input class=\"wpcf7-form-control wpcf7-submit has-spinner\" type=\"submit\" value=\"Enviar\" \/>\n\t<\/p>\n<\/div><p style=\"display: none !important;\" class=\"akismet-fields-container\" data-prefix=\"_wpcf7_ak_\"><label>&#916;<textarea name=\"_wpcf7_ak_hp_textarea\" cols=\"45\" rows=\"8\" maxlength=\"100\"><\/textarea><\/label><input type=\"hidden\" id=\"ak_js_1\" name=\"_wpcf7_ak_js\" value=\"94\"\/><script>document.getElementById( \"ak_js_1\" ).setAttribute( \"value\", ( new Date() ).getTime() );<\/script><\/p><div class=\"wpcf7-response-output\" aria-hidden=\"true\"><\/div>\n<\/form>\n<\/div>\n[\/et_pb_text][\/et_pb_column][\/et_pb_row][et_pb_row _builder_version=&#8221;4.16&#8243; locked=&#8221;off&#8221; global_colors_info=&#8221;{}&#8221;][et_pb_column type=&#8221;4_4&#8243; _builder_version=&#8221;4.16&#8243; global_colors_info=&#8221;{}&#8221;][et_pb_heading title=&#8221;Eleg\u00e0ncia a la vora de la piscina i encant r\u00fastic&#8221; _builder_version=&#8221;4.24.2&#8243; _module_preset=&#8221;default&#8221; title_level=&#8221;h2&#8243; title_font=&#8221;EB Garamond||||||||&#8221; title_font_size=&#8221;28px&#8221; global_colors_info=&#8221;{}&#8221;][\/et_pb_heading][et_pb_heading title=&#8221;Finca Son Pou \u2013 El refugi definitiu per a esdeveniments a Mallorca.&#8221; _builder_version=&#8221;4.24.2&#8243; _module_preset=&#8221;default&#8221; title_level=&#8221;h2&#8243; title_font=&#8221;EB Garamond||||||||&#8221; title_font_size=&#8221;22px&#8221; global_colors_info=&#8221;{}&#8221;][\/et_pb_heading][et_pb_text _builder_version=&#8221;4.24.3&#8243; global_colors_info=&#8221;{}&#8221;]Descobreix &#8220;Finca Son Pou&#8221;, la pintoresca finca d&#8217;esdeveniments al cor de Mallorca, un parad\u00eds per a esdeveniments de construcci\u00f3 d&#8217;equips. Aqu\u00ed, on la bellesa de la natura es troba amb l&#8217;eleg\u00e0ncia mallorquina, &#8220;Finca Son Pou&#8221; ofereix innumerables oportunitats per fer realitat el teu esdeveniment \u00fanic.<\/p>\n<p>En caure la nit, la finca es transforma en un escenari m\u00e0gic per a esdeveniments nocturns sota les estrelles, perfecte per a nits inoblidables plenes de m\u00fasica, ball i del\u00edcies culin\u00e0ries. La gran piscina infinita, una superf\u00edcie d&#8217;aigua que reflecteix el cel i la terra en perfecta harmonia, ofereix un entorn ser\u00e8 per a la relaxaci\u00f3 i la contemplaci\u00f3. \u00c9s el lloc perfecte per a recepcions de c\u00f2ctels amb atmosfera, paus relaxades entre activitats, creant aix\u00ed un tel\u00f3 de fons m\u00e0gic per als teus esdeveniments.<\/p>\n<p>&#8220;Finca Son Pou&#8221; \u00e9s m\u00e9s que un simple lloc, \u00e9s una experi\u00e8ncia dissenyada per fer que el teu esdeveniment sigui realment especial i unir els equips. La teva celebraci\u00f3 a &#8220;Finca Son Pou&#8221; ser\u00e0 una hist\u00f2ria que val la pena ser explicada.<\/p>\n<p>Amb afecte,<br \/>\nCarol Bell\u00e9s, Stefan Schm\u00e4ing i l&#8217;equip de Finca Catering a Mallorca[\/et_pb_text][\/et_pb_column][\/et_pb_row][\/et_pb_section]<\/p>\n","protected":false},"excerpt":{"rendered":"<p>Finca Son Pou Situada al centre de l&#8217;illa de Mallorca, s\u00f3n pou nou \u00e9s un dels pocs llocs on el gust de la Mallorca agr\u00e0ria ha sabut perdurar fins aquests temps.\n<div class=\"wpcf7 no-js\" id=\"wpcf7-f5574-o2\" lang=\"en-US\" dir=\"ltr\" data-wpcf7-id=\"5574\">\n<div class=\"screen-reader-response\"><p role=\"status\" aria-live=\"polite\" aria-atomic=\"true\"><\/p> <ul><\/ul><\/div>\n<form action=\"\/ca\/wp-json\/wp\/v2\/pages\/6058#wpcf7-f5574-o2\" method=\"post\" class=\"wpcf7-form init\" aria-label=\"Contact form\" novalidate=\"novalidate\" data-status=\"init\">\n<fieldset class=\"hidden-fields-container\"><input type=\"hidden\" name=\"_wpcf7\" value=\"5574\" \/><input type=\"hidden\" name=\"_wpcf7_version\" value=\"6.1.5\" \/><input type=\"hidden\" name=\"_wpcf7_locale\" value=\"en_US\" \/><input type=\"hidden\" name=\"_wpcf7_unit_tag\" value=\"wpcf7-f5574-o2\" \/><input type=\"hidden\" name=\"_wpcf7_container_post\" value=\"0\" \/><input type=\"hidden\" name=\"_wpcf7_posted_data_hash\" value=\"\" \/><input type=\"hidden\" name=\"_wpcf7dtx_version\" value=\"5.0.4\" \/>\n<\/fieldset>\n<span class=\"wpcf7-form-control-wrap finca\" data-name=\"finca\"><input type=\"hidden\" name=\"finca\" class=\"wpcf7-form-control wpcf7-hidden wpcf7dtx wpcf7dtx-hidden\" aria-invalid=\"false\" value=\"Finca Son Pou\"><\/span>\n<div class=\"form-finca\">\n\t<h4>Sol\u00b7licitar informaci\u00f3\n\t<\/h4>\n\t<p>Informa't sobre les nostres tarifes especials.\n\t<\/p>\n\t<p>Nom *\n\t<\/p>\n\t<p><span class=\"wpcf7-form-control-wrap\" data-name=\"your-name\"><input size=\"40\" maxlength=\"400\" class=\"wpcf7-form-control wpcf7-text wpcf7-validates-as-required\" aria-required=\"true\" aria-invalid=\"false\" value=\"\" type=\"text\" name=\"your-name\" \/><\/span>\n\t<\/p>\n\t<p>Email *\n\t<\/p>\n\t<p><span class=\"wpcf7-form-control-wrap\" data-name=\"your-email\"><input size=\"40\" maxlength=\"400\" class=\"wpcf7-form-control wpcf7-email wpcf7-validates-as-required wpcf7-text wpcf7-validates-as-email\" aria-required=\"true\" aria-invalid=\"false\" value=\"\" type=\"email\" name=\"your-email\" \/><\/span>\n\t<\/p>\n\t<p>Tel\u00e8fon\n\t<\/p>\n\t<p><span class=\"wpcf7-form-control-wrap\" data-name=\"your-phone\"><input size=\"40\" maxlength=\"400\" class=\"wpcf7-form-control wpcf7-text\" aria-invalid=\"false\" value=\"\" type=\"text\" name=\"your-phone\" \/><\/span>\n\t<\/p>\n\t<p>Comentaris\n\t<\/p>\n\t<p><span class=\"wpcf7-form-control-wrap\" data-name=\"your-message\"><textarea cols=\"40\" rows=\"10\" maxlength=\"2000\" class=\"wpcf7-form-control wpcf7-textarea\" aria-invalid=\"false\" name=\"your-message\"><\/textarea><\/span>\n\t<\/p>\n\t<p><span class=\"wpcf7-form-control-wrap\" data-name=\"politica\"><span class=\"wpcf7-form-control wpcf7-acceptance\"><span class=\"wpcf7-list-item\"><input type=\"checkbox\" name=\"politica\" value=\"1\" aria-invalid=\"false\" \/><\/span><\/span><\/span> He llegit i accepto la <a href=\"https:\/\/fincacatering.com\/aviso-legal\/\">pol\u00edtica de privacitat<\/a>\n\t<\/p>\n\t<p><input class=\"wpcf7-form-control wpcf7-submit has-spinner\" type=\"submit\" value=\"Enviar\" \/>\n\t<\/p>\n<\/div><p style=\"display: none !important;\" class=\"akismet-fields-container\" data-prefix=\"_wpcf7_ak_\"><label>&#916;<textarea name=\"_wpcf7_ak_hp_textarea\" cols=\"45\" rows=\"8\" maxlength=\"100\"><\/textarea><\/label><input type=\"hidden\" id=\"ak_js_2\" name=\"_wpcf7_ak_js\" value=\"42\"\/><script>document.getElementById( \"ak_js_2\" ).setAttribute( \"value\", ( new Date() ).getTime() );<\/script><\/p><div class=\"wpcf7-response-output\" aria-hidden=\"true\"><\/div>\n<\/form>\n<\/div>\nDescobreix &#8220;Finca Son Pou&#8221;, la pintoresca finca d&#8217;esdeveniments al cor de Mallorca, un parad\u00eds per a esdeveniments de construcci\u00f3 d&#8217;equips. Aqu\u00ed, [&hellip;]<\/p>\n","protected":false},"author":2,"featured_media":0,"parent":0,"menu_order":0,"comment_status":"closed","ping_status":"closed","template":"","meta":{"_et_pb_use_builder":"on","_et_pb_old_content":"","_et_gb_content_width":"","inline_featured_image":false,"footnotes":""},"class_list":["post-6058","page","type-page","status-publish","hentry"],"_links":{"self":[{"href":"https:\/\/fincacatering.com\/ca\/wp-json\/wp\/v2\/pages\/6058","targetHints":{"allow":["GET"]}}],"collection":[{"href":"https:\/\/fincacatering.com\/ca\/wp-json\/wp\/v2\/pages"}],"about":[{"href":"https:\/\/fincacatering.com\/ca\/wp-json\/wp\/v2\/types\/page"}],"author":[{"embeddable":true,"href":"https:\/\/fincacatering.com\/ca\/wp-json\/wp\/v2\/users\/2"}],"replies":[{"embeddable":true,"href":"https:\/\/fincacatering.com\/ca\/wp-json\/wp\/v2\/comments?post=6058"}],"version-history":[{"count":7,"href":"https:\/\/fincacatering.com\/ca\/wp-json\/wp\/v2\/pages\/6058\/revisions"}],"predecessor-version":[{"id":7817,"href":"https:\/\/fincacatering.com\/ca\/wp-json\/wp\/v2\/pages\/6058\/revisions\/7817"}],"wp:attachment":[{"href":"https:\/\/fincacatering.com\/ca\/wp-json\/wp\/v2\/media?parent=6058"}],"curies":[{"name":"wp","href":"https:\/\/api.w.org\/{rel}","templated":true}]}}

<p>[et_pb_section fb_built=&#8221;1&#8243; _builder_version=&#8221;4.16&#8243; global_colors_info=&#8221;{}&#8221;][et_pb_row column_structure=&#8221;3_5,2_5&#8243; _builder_version=&#8221;4.16&#8243; global_colors_info=&#8221;{}&#8221;][et_pb_column type=&#8221;3_5&#8243; _builder_version=&#8221;4.16&#8243; global_colors_info=&#8221;{}&#8221;][et_pb_text _builder_version=&#8221;4.16&#8243; global_colors_info=&#8221;{}&#8221;]</p>
<h2>Finca Son Pou</h2>
<p>Situada al centre de l&#8217;illa de Mallorca, són pou nou és un dels pocs llocs on el gust de la Mallorca agrària ha sabut perdurar fins aquests temps.[/et_pb_text][et_pb_gallery gallery_ids=&#8221;6011,5975,6006,5979,6003,5983,5999,5987,5991,5993&#8243; fullwidth=&#8221;on&#8221; _builder_version=&#8221;4.16&#8243; auto=&#8221;on&#8221; auto_speed=&#8221;2000&#8243; global_colors_info=&#8221;{}&#8221;][/et_pb_gallery][et_pb_code _builder_version=&#8221;4.19.4&#8243; global_colors_info=&#8221;{}&#8221;]<iframe loading="lazy" width="560" height="315" src="https://www.youtube.com/embed/fp7H_4um96I" title="YouTube video player" frameborder="0" allow="accelerometer; autoplay; clipboard-write; encrypted-media; gyroscope; picture-in-picture; web-share" allowfullscreen></iframe>[/et_pb_code][/et_pb_column][et_pb_column type=&#8221;2_5&#8243; _builder_version=&#8221;4.16&#8243; global_colors_info=&#8221;{}&#8221;][et_pb_text _builder_version=&#8221;4.16&#8243; global_colors_info=&#8221;{}&#8221;]
<div class="wpcf7 no-js" id="wpcf7-f5574-o1" lang="en-US" dir="ltr" data-wpcf7-id="5574">
<div class="screen-reader-response"><p role="status" aria-live="polite" aria-atomic="true"></p> <ul></ul></div>
<form action="/ca/wp-json/wp/v2/pages/6058#wpcf7-f5574-o1" method="post" class="wpcf7-form init" aria-label="Contact form" novalidate="novalidate" data-status="init">
<fieldset class="hidden-fields-container"><input type="hidden" name="_wpcf7" value="5574" /><input type="hidden" name="_wpcf7_version" value="6.1.5" /><input type="hidden" name="_wpcf7_locale" value="en_US" /><input type="hidden" name="_wpcf7_unit_tag" value="wpcf7-f5574-o1" /><input type="hidden" name="_wpcf7_container_post" value="0" /><input type="hidden" name="_wpcf7_posted_data_hash" value="" /><input type="hidden" name="_wpcf7dtx_version" value="5.0.4" />
</fieldset>
<span class="wpcf7-form-control-wrap finca" data-name="finca"><input type="hidden" name="finca" class="wpcf7-form-control wpcf7-hidden wpcf7dtx wpcf7dtx-hidden" aria-invalid="false" value="Finca Son Pou"></span>
<div class="form-finca">
	<h4>Sol·licitar informació
	</h4>
	<p>Informa't sobre les nostres tarifes especials.
	</p>
	<p>Nom *
	</p>
	<p><span class="wpcf7-form-control-wrap" data-name="your-name"><input size="40" maxlength="400" class="wpcf7-form-control wpcf7-text wpcf7-validates-as-required" aria-required="true" aria-invalid="false" value="" type="text" name="your-name" /></span>
	</p>
	<p>Email *
	</p>
	<p><span class="wpcf7-form-control-wrap" data-name="your-email"><input size="40" maxlength="400" class="wpcf7-form-control wpcf7-email wpcf7-validates-as-required wpcf7-text wpcf7-validates-as-email" aria-required="true" aria-invalid="false" value="" type="email" name="your-email" /></span>
	</p>
	<p>Telèfon
	</p>
	<p><span class="wpcf7-form-control-wrap" data-name="your-phone"><input size="40" maxlength="400" class="wpcf7-form-control wpcf7-text" aria-invalid="false" value="" type="text" name="your-phone" /></span>
	</p>
	<p>Comentaris
	</p>
	<p><span class="wpcf7-form-control-wrap" data-name="your-message"><textarea cols="40" rows="10" maxlength="2000" class="wpcf7-form-control wpcf7-textarea" aria-invalid="false" name="your-message"></textarea></span>
	</p>
	<p><span class="wpcf7-form-control-wrap" data-name="politica"><span class="wpcf7-form-control wpcf7-acceptance"><span class="wpcf7-list-item"><input type="checkbox" name="politica" value="1" aria-invalid="false" /></span></span></span> He llegit i accepto la <a href="https://fincacatering.com/aviso-legal/">política de privacitat</a>
	</p>
	<p><input class="wpcf7-form-control wpcf7-submit has-spinner" type="submit" value="Enviar" />
	</p>
</div><p style="display: none !important;" class="akismet-fields-container" data-prefix="_wpcf7_ak_"><label>&#916;<textarea name="_wpcf7_ak_hp_textarea" cols="45" rows="8" maxlength="100"></textarea></label><input type="hidden" id="ak_js_1" name="_wpcf7_ak_js" value="94"/><script>document.getElementById( "ak_js_1" ).setAttribute( "value", ( new Date() ).getTime() );</script></p><div class="wpcf7-response-output" aria-hidden="true"></div>
</form>
</div>
[/et_pb_text][/et_pb_column][/et_pb_row][et_pb_row _builder_version=&#8221;4.16&#8243; locked=&#8221;off&#8221; global_colors_info=&#8221;{}&#8221;][et_pb_column type=&#8221;4_4&#8243; _builder_version=&#8221;4.16&#8243; global_colors_info=&#8221;{}&#8221;][et_pb_heading title=&#8221;Elegància a la vora de la piscina i encant rústic&#8221; _builder_version=&#8221;4.24.2&#8243; _module_preset=&#8221;default&#8221; title_level=&#8221;h2&#8243; title_font=&#8221;EB Garamond||||||||&#8221; title_font_size=&#8221;28px&#8221; global_colors_info=&#8221;{}&#8221;][/et_pb_heading][et_pb_heading title=&#8221;Finca Son Pou – El refugi definitiu per a esdeveniments a Mallorca.&#8221; _builder_version=&#8221;4.24.2&#8243; _module_preset=&#8221;default&#8221; title_level=&#8221;h2&#8243; title_font=&#8221;EB Garamond||||||||&#8221; title_font_size=&#8221;22px&#8221; global_colors_info=&#8221;{}&#8221;][/et_pb_heading][et_pb_text _builder_version=&#8221;4.24.3&#8243; global_colors_info=&#8221;{}&#8221;]Descobreix &#8220;Finca Son Pou&#8221;, la pintoresca finca d&#8217;esdeveniments al cor de Mallorca, un paradís per a esdeveniments de construcció d&#8217;equips. Aquí, on la bellesa de la natura es troba amb l&#8217;elegància mallorquina, &#8220;Finca Son Pou&#8221; ofereix innumerables oportunitats per fer realitat el teu esdeveniment únic.</p>
<p>En caure la nit, la finca es transforma en un escenari màgic per a esdeveniments nocturns sota les estrelles, perfecte per a nits inoblidables plenes de música, ball i delícies culinàries. La gran piscina infinita, una superfície d&#8217;aigua que reflecteix el cel i la terra en perfecta harmonia, ofereix un entorn serè per a la relaxació i la contemplació. És el lloc perfecte per a recepcions de còctels amb atmosfera, paus relaxades entre activitats, creant així un teló de fons màgic per als teus esdeveniments.</p>
<p>&#8220;Finca Son Pou&#8221; és més que un simple lloc, és una experiència dissenyada per fer que el teu esdeveniment sigui realment especial i unir els equips. La teva celebració a &#8220;Finca Son Pou&#8221; serà una història que val la pena ser explicada.</p>
<p>Amb afecte,<br />
Carol Bellés, Stefan Schmäing i l&#8217;equip de Finca Catering a Mallorca[/et_pb_text][/et_pb_column][/et_pb_row][/et_pb_section]</p>

<p>Finca Son Pou Situada al centre de l&#8217;illa de Mallorca, són pou nou és un dels pocs llocs on el gust de la Mallorca agrària ha sabut perdurar fins aquests temps.
<div class="wpcf7 no-js" id="wpcf7-f5574-o2" lang="en-US" dir="ltr" data-wpcf7-id="5574">
<div class="screen-reader-response"><p role="status" aria-live="polite" aria-atomic="true"></p> <ul></ul></div>
<form action="/ca/wp-json/wp/v2/pages/6058#wpcf7-f5574-o2" method="post" class="wpcf7-form init" aria-label="Contact form" novalidate="novalidate" data-status="init">
<fieldset class="hidden-fields-container"><input type="hidden" name="_wpcf7" value="5574" /><input type="hidden" name="_wpcf7_version" value="6.1.5" /><input type="hidden" name="_wpcf7_locale" value="en_US" /><input type="hidden" name="_wpcf7_unit_tag" value="wpcf7-f5574-o2" /><input type="hidden" name="_wpcf7_container_post" value="0" /><input type="hidden" name="_wpcf7_posted_data_hash" value="" /><input type="hidden" name="_wpcf7dtx_version" value="5.0.4" />
</fieldset>
<span class="wpcf7-form-control-wrap finca" data-name="finca"><input type="hidden" name="finca" class="wpcf7-form-control wpcf7-hidden wpcf7dtx wpcf7dtx-hidden" aria-invalid="false" value="Finca Son Pou"></span>
<div class="form-finca">
	<h4>Sol·licitar informació
	</h4>
	<p>Informa't sobre les nostres tarifes especials.
	</p>
	<p>Nom *
	</p>
	<p><span class="wpcf7-form-control-wrap" data-name="your-name"><input size="40" maxlength="400" class="wpcf7-form-control wpcf7-text wpcf7-validates-as-required" aria-required="true" aria-invalid="false" value="" type="text" name="your-name" /></span>
	</p>
	<p>Email *
	</p>
	<p><span class="wpcf7-form-control-wrap" data-name="your-email"><input size="40" maxlength="400" class="wpcf7-form-control wpcf7-email wpcf7-validates-as-required wpcf7-text wpcf7-validates-as-email" aria-required="true" aria-invalid="false" value="" type="email" name="your-email" /></span>
	</p>
	<p>Telèfon
	</p>
	<p><span class="wpcf7-form-control-wrap" data-name="your-phone"><input size="40" maxlength="400" class="wpcf7-form-control wpcf7-text" aria-invalid="false" value="" type="text" name="your-phone" /></span>
	</p>
	<p>Comentaris
	</p>
	<p><span class="wpcf7-form-control-wrap" data-name="your-message"><textarea cols="40" rows="10" maxlength="2000" class="wpcf7-form-control wpcf7-textarea" aria-invalid="false" name="your-message"></textarea></span>
	</p>
	<p><span class="wpcf7-form-control-wrap" data-name="politica"><span class="wpcf7-form-control wpcf7-acceptance"><span class="wpcf7-list-item"><input type="checkbox" name="politica" value="1" aria-invalid="false" /></span></span></span> He llegit i accepto la <a href="https://fincacatering.com/aviso-legal/">política de privacitat</a>
	</p>
	<p><input class="wpcf7-form-control wpcf7-submit has-spinner" type="submit" value="Enviar" />
	</p>
</div><p style="display: none !important;" class="akismet-fields-container" data-prefix="_wpcf7_ak_"><label>&#916;<textarea name="_wpcf7_ak_hp_textarea" cols="45" rows="8" maxlength="100"></textarea></label><input type="hidden" id="ak_js_2" name="_wpcf7_ak_js" value="42"/><script>document.getElementById( "ak_js_2" ).setAttribute( "value", ( new Date() ).getTime() );</script></p><div class="wpcf7-response-output" aria-hidden="true"></div>
</form>
</div>
Descobreix &#8220;Finca Son Pou&#8221;, la pintoresca finca d&#8217;esdeveniments al cor de Mallorca, un paradís per a esdeveniments de construcció d&#8217;equips. Aquí, [&hellip;]</p>
