{"id":7456,"date":"2014-05-21T08:20:39","date_gmt":"2014-05-21T08:20:39","guid":{"rendered":"https:\/\/fincacatering.com\/aviso-legal\/"},"modified":"2024-03-14T16:25:30","modified_gmt":"2024-03-14T16:25:30","slug":"avis-legal","status":"publish","type":"page","link":"https:\/\/fincacatering.com\/ca\/avis-legal\/","title":{"rendered":"Avis legal"},"content":{"rendered":"<p>[et_pb_section fb_built=&#8221;1&#8243; fullwidth=&#8221;on&#8221; admin_label=&#8221;section&#8221; _builder_version=&#8221;4.16&#8243; background_color=&#8221;#eeeeee&#8221; transparent_background=&#8221;off&#8221; make_fullwidth=&#8221;off&#8221; use_custom_width=&#8221;off&#8221; width_unit=&#8221;on&#8221; global_colors_info=&#8221;{}&#8221;][et_pb_fullwidth_header title=&#8221;Avis legal&#8221; content_max_width=&#8221;none&#8221; admin_label=&#8221;Titulo&#8221; _builder_version=&#8221;4.24.2&#8243; background_color=&#8221;rgba(255, 255, 255, 0)&#8221; background_layout=&#8221;light&#8221; hover_enabled=&#8221;0&#8243; button_one_letter_spacing_hover=&#8221;0&#8243; button_two_letter_spacing_hover=&#8221;0&#8243; global_colors_info=&#8221;{}&#8221; button_one_text_size__hover_enabled=&#8221;off&#8221; button_two_text_size__hover_enabled=&#8221;off&#8221; button_one_text_color__hover_enabled=&#8221;off&#8221; button_two_text_color__hover_enabled=&#8221;off&#8221; button_one_border_width__hover_enabled=&#8221;off&#8221; button_two_border_width__hover_enabled=&#8221;off&#8221; button_one_border_color__hover_enabled=&#8221;off&#8221; button_two_border_color__hover_enabled=&#8221;off&#8221; button_one_border_radius__hover_enabled=&#8221;off&#8221; button_two_border_radius__hover_enabled=&#8221;off&#8221; button_one_letter_spacing__hover_enabled=&#8221;on&#8221; button_one_letter_spacing__hover=&#8221;0&#8243; button_two_letter_spacing__hover_enabled=&#8221;on&#8221; button_two_letter_spacing__hover=&#8221;0&#8243; button_one_bg_color__hover_enabled=&#8221;off&#8221; button_two_bg_color__hover_enabled=&#8221;off&#8221; sticky_enabled=&#8221;0&#8243;][\/et_pb_fullwidth_header][\/et_pb_section][et_pb_section fb_built=&#8221;1&#8243; admin_label=&#8221;section&#8221; _builder_version=&#8221;4.16&#8243; global_colors_info=&#8221;{}&#8221;][et_pb_row admin_label=&#8221;row&#8221; _builder_version=&#8221;4.16&#8243; background_size=&#8221;initial&#8221; background_position=&#8221;top_left&#8221; background_repeat=&#8221;repeat&#8221; global_colors_info=&#8221;{}&#8221;][et_pb_column type=&#8221;4_4&#8243; _builder_version=&#8221;4.16&#8243; custom_padding=&#8221;|||&#8221; global_colors_info=&#8221;{}&#8221; custom_padding__hover=&#8221;|||&#8221;][et_pb_text _builder_version=&#8221;4.24.2&#8243; background_size=&#8221;initial&#8221; background_position=&#8221;top_left&#8221; background_repeat=&#8221;repeat&#8221; hover_enabled=&#8221;0&#8243; border_style=&#8221;solid&#8221; global_colors_info=&#8221;{}&#8221; sticky_enabled=&#8221;0&#8243;]<\/p>\n<h4>1.- \u00das del servei<\/h4>\n<p>Amb car\u00e0cter general, i sense perjudici de les condicions i termes particulars que es fixin als apartats corresponents a serveis concrets, l&#8217;Usuari s&#8217;obliga al compliment de les presents condicions i termes d&#8217;\u00fas, i obrar sempre conforme a la llei, als bons costums ia les exig\u00e8ncies de la bona fe, emprant la dilig\u00e8ncia adequada a la naturalesa del servei de qu\u00e8 gaudeix, abstenint-se d&#8217;utilitzar el lloc web www.fincacatering.com i altres adreces d&#8217;Internet esmentades, de qualsevol manera que pugui impedir, danyar o deteriorar el funcionament normal del mateix, els b\u00e9ns o drets de <strong>Top Catering Events &amp; Organisation<\/strong> , de la resta d&#8217;usuaris o en general de qualsevol tercer. <br \/>\n   En particular, i sense que aix\u00f2 impliqui cap restricci\u00f3 a l&#8217;obligaci\u00f3 assumida per l&#8217;Usuari amb car\u00e0cter general de conformitat amb l&#8217;apartat anterior, l&#8217;Usuari s&#8217;obliga, en la utilitzaci\u00f3 de <a href=\"https:\/\/fincacatering.com \">www.fincacatering.com<\/a> a: <br \/>\n   No introduir, emmagatzemar o difondre en o des del website, qualsevol informaci\u00f3 o material que fos difamatori, injuri\u00f3s, obsc\u00e8, amena\u00e7ador, xen\u00f2fob, inciti la viol\u00e8ncia a la discriminaci\u00f3 per ra\u00f3 de ra\u00e7a, sexe, ideologia, religi\u00f3 o que de qualsevol forma atempti contra la moral, l&#8217;ordre p\u00fablic, els drets fonamentals, les llibertats p\u00fabliques, l&#8217;honor, la intimitat o la imatge de tercers i en general la normativa vigent. <br \/>\n   No introduir, emmagatzemar o difondre mitjan\u00e7ant el lloc web cap programa d&#8217;ordinador, dades, virus, codi, equip de maquinari o de telecomunicacions o qualsevol altre instrument o dispositiu electr\u00f2nic o f\u00edsic que sigui susceptible de causar danys al lloc web, en qualsevol dels serveis , oa qualsevol dels equips, sistemes o xarxes de <strong>Top Catering Events &amp; Organisation<\/strong>, de qualsevol Usuari, o en general de qualsevol tercer. O que de qualsevol altra manera sigui capa\u00e7 de causar-los qualsevol tipus d&#8217;alteraci\u00f3 o impedir-ne el funcionament normal. <br \/>\n   No utilitzar identitats falses, ni suplantar la identitat d&#8217;altres en la utilitzaci\u00f3 del lloc web o en la utilitzaci\u00f3 de qualsevol dels serveis del lloc web, incloent-hi la utilitzaci\u00f3 si \u00e9s el cas de contrasenyes o claus d&#8217;acc\u00e9s de tercers o de qualsevol altra forma. No destruir, alterar, utilitzar per al seu \u00fas, inutilitzar o fer malb\u00e9 les dades, informacions, programes o documents electr\u00f2nics de <strong>Top Catering Events &amp; Organisation<\/strong> o tercers.\n   <\/p>\n<h4>2.- Seguretat i protecci\u00f3 de dades de car\u00e0cter personal <\/h4>\n<p><strong>Top Catering Events &amp; Organisation<\/strong> garanteix l&#8217;adopci\u00f3 de les mesures oportunes per assegurar el tractament confidencial de les dades dels clients, les quals podran ser consultades o modificades personalment pel titular al domicili social de l&#8217;entitat o per correu electr\u00f2nic. <br \/>\n   Recepci\u00f3 de butlletins.- Per rebre, peri\u00f2dicament els butlletins amb les darreres novetats de www.fincacatering.com haur\u00e0 de seleccionar, en el proc\u00e9s de registre, l&#8217;opci\u00f3 &#8220;Desitjo rebre els butlletins de novetats de la web&#8221;. D&#8217;aquesta manera, rebreu els butlletins al compte de correu electr\u00f2nic que ens heu indicat. En el sup\u00f2sit de no voler rebre&#8217;n posteriorment, es podr\u00e0, en qualsevol moment, donar de baixa de l&#8217;esmentat butllet\u00ed.<br \/>\n   <strong>Top Catering Events &amp; Organisation<\/strong> es compromet, en pro d&#8217;una pol\u00edtica anti-spam, a no facilitar el vostre correu electr\u00f2nic a cap sistema d&#8217;enviament massiu d&#8217;e-mails. <br \/>\n   <strong>Cancel\u00b7laci\u00f3 on-line de les dades de l&#8217;usuari\/client<\/strong>.- En tot moment, podr\u00e0 esborrar les seves dades com a client de www.fincacatering.com indicant-nos-ho al correu info@fincacatering.com <br \/>\n   <strong>Protecci\u00f3 de dades<\/strong>.- Us informem que les dades de car\u00e0cter personal recollides seran incorporades a un fitxer titularitat de <strong>Top Catering Events &amp; Organisation<\/strong> (Responsable del Fitxer), i inscrit al Registre de l&#8217;Ag\u00e8ncia Espanyola de Protecci\u00f3 de Dades, la finalitat del qual \u00e9s garantir la privadesa de les dades, aix\u00ed com l&#8217;enviament de butlletins informatius i publicitaris.\n   <\/p>\n<h4>3.- Legislaci\u00f3 i jurisdicci\u00f3 <\/h4>\n<p> Tot all\u00f2 no indicat en aquestes condicions es tractar\u00e0 de conformitat amb el que disposa la legislaci\u00f3 sobre comer\u00e7, especialment, pel que fa a la Llei Org\u00e0nica 2\/1996 de 15 de Gener d&#8217;Ordenaci\u00f3 del Comer\u00e7, ia la Llei 7\/ 1996, de 15 de gener, d&#8217;ordenaci\u00f3 del comer\u00e7 detallista aix\u00ed com a qualsevol altra la legislaci\u00f3 complement\u00e0ria relativa a les vendes a dist\u00e0ncia i de comer\u00e7 electr\u00f2nic. <br \/>\n   Aquestes condicions s&#8217;interpretaran doncs a la llum de la legislaci\u00f3 vigent a Espanya en mat\u00e8ria de comer\u00e7, la qual s&#8217;aplicar\u00e0 en tots aquells aspectes no previstos en aquestes condicions. <br \/>\n   Els usuaris se sotmeten expressament a la jurisdicci\u00f3 dels Jutjats i Tribunals de la ciutat de Barcelona (Espanya), amb ren\u00fancia expressa a qualsevol altre fur que els pugui correspondre.<\/p>\n<p>[\/et_pb_text][\/et_pb_column][\/et_pb_row][\/et_pb_section]<\/p>\n","protected":false},"excerpt":{"rendered":"<p>1.- \u00das del servei Amb car\u00e0cter general, i sense perjudici de les condicions i termes particulars que es fixin als apartats corresponents a serveis concrets, l&#8217;Usuari s&#8217;obliga al compliment de les presents condicions i termes d&#8217;\u00fas, i obrar sempre conforme a la llei, als bons costums ia les exig\u00e8ncies de la bona fe, emprant la [&hellip;]<\/p>\n","protected":false},"author":1,"featured_media":0,"parent":0,"menu_order":0,"comment_status":"closed","ping_status":"closed","template":"","meta":{"_et_pb_use_builder":"on","_et_pb_old_content":"","_et_gb_content_width":"","inline_featured_image":false,"footnotes":""},"class_list":["post-7456","page","type-page","status-publish","hentry"],"_links":{"self":[{"href":"https:\/\/fincacatering.com\/ca\/wp-json\/wp\/v2\/pages\/7456","targetHints":{"allow":["GET"]}}],"collection":[{"href":"https:\/\/fincacatering.com\/ca\/wp-json\/wp\/v2\/pages"}],"about":[{"href":"https:\/\/fincacatering.com\/ca\/wp-json\/wp\/v2\/types\/page"}],"author":[{"embeddable":true,"href":"https:\/\/fincacatering.com\/ca\/wp-json\/wp\/v2\/users\/1"}],"replies":[{"embeddable":true,"href":"https:\/\/fincacatering.com\/ca\/wp-json\/wp\/v2\/comments?post=7456"}],"version-history":[{"count":2,"href":"https:\/\/fincacatering.com\/ca\/wp-json\/wp\/v2\/pages\/7456\/revisions"}],"predecessor-version":[{"id":7462,"href":"https:\/\/fincacatering.com\/ca\/wp-json\/wp\/v2\/pages\/7456\/revisions\/7462"}],"wp:attachment":[{"href":"https:\/\/fincacatering.com\/ca\/wp-json\/wp\/v2\/media?parent=7456"}],"curies":[{"name":"wp","href":"https:\/\/api.w.org\/{rel}","templated":true}]}}

<p>[et_pb_section fb_built=&#8221;1&#8243; fullwidth=&#8221;on&#8221; admin_label=&#8221;section&#8221; _builder_version=&#8221;4.16&#8243; background_color=&#8221;#eeeeee&#8221; transparent_background=&#8221;off&#8221; make_fullwidth=&#8221;off&#8221; use_custom_width=&#8221;off&#8221; width_unit=&#8221;on&#8221; global_colors_info=&#8221;{}&#8221;][et_pb_fullwidth_header title=&#8221;Avis legal&#8221; content_max_width=&#8221;none&#8221; admin_label=&#8221;Titulo&#8221; _builder_version=&#8221;4.24.2&#8243; background_color=&#8221;rgba(255, 255, 255, 0)&#8221; background_layout=&#8221;light&#8221; hover_enabled=&#8221;0&#8243; button_one_letter_spacing_hover=&#8221;0&#8243; button_two_letter_spacing_hover=&#8221;0&#8243; global_colors_info=&#8221;{}&#8221; button_one_text_size__hover_enabled=&#8221;off&#8221; button_two_text_size__hover_enabled=&#8221;off&#8221; button_one_text_color__hover_enabled=&#8221;off&#8221; button_two_text_color__hover_enabled=&#8221;off&#8221; button_one_border_width__hover_enabled=&#8221;off&#8221; button_two_border_width__hover_enabled=&#8221;off&#8221; button_one_border_color__hover_enabled=&#8221;off&#8221; button_two_border_color__hover_enabled=&#8221;off&#8221; button_one_border_radius__hover_enabled=&#8221;off&#8221; button_two_border_radius__hover_enabled=&#8221;off&#8221; button_one_letter_spacing__hover_enabled=&#8221;on&#8221; button_one_letter_spacing__hover=&#8221;0&#8243; button_two_letter_spacing__hover_enabled=&#8221;on&#8221; button_two_letter_spacing__hover=&#8221;0&#8243; button_one_bg_color__hover_enabled=&#8221;off&#8221; button_two_bg_color__hover_enabled=&#8221;off&#8221; sticky_enabled=&#8221;0&#8243;][/et_pb_fullwidth_header][/et_pb_section][et_pb_section fb_built=&#8221;1&#8243; admin_label=&#8221;section&#8221; _builder_version=&#8221;4.16&#8243; global_colors_info=&#8221;{}&#8221;][et_pb_row admin_label=&#8221;row&#8221; _builder_version=&#8221;4.16&#8243; background_size=&#8221;initial&#8221; background_position=&#8221;top_left&#8221; background_repeat=&#8221;repeat&#8221; global_colors_info=&#8221;{}&#8221;][et_pb_column type=&#8221;4_4&#8243; _builder_version=&#8221;4.16&#8243; custom_padding=&#8221;|||&#8221; global_colors_info=&#8221;{}&#8221; custom_padding__hover=&#8221;|||&#8221;][et_pb_text _builder_version=&#8221;4.24.2&#8243; background_size=&#8221;initial&#8221; background_position=&#8221;top_left&#8221; background_repeat=&#8221;repeat&#8221; hover_enabled=&#8221;0&#8243; border_style=&#8221;solid&#8221; global_colors_info=&#8221;{}&#8221; sticky_enabled=&#8221;0&#8243;]</p>
<h4>1.- Ús del servei</h4>
<p>Amb caràcter general, i sense perjudici de les condicions i termes particulars que es fixin als apartats corresponents a serveis concrets, l&#8217;Usuari s&#8217;obliga al compliment de les presents condicions i termes d&#8217;ús, i obrar sempre conforme a la llei, als bons costums ia les exigències de la bona fe, emprant la diligència adequada a la naturalesa del servei de què gaudeix, abstenint-se d&#8217;utilitzar el lloc web www.fincacatering.com i altres adreces d&#8217;Internet esmentades, de qualsevol manera que pugui impedir, danyar o deteriorar el funcionament normal del mateix, els béns o drets de <strong>Top Catering Events &amp; Organisation</strong> , de la resta d&#8217;usuaris o en general de qualsevol tercer. <br />
   En particular, i sense que això impliqui cap restricció a l&#8217;obligació assumida per l&#8217;Usuari amb caràcter general de conformitat amb l&#8217;apartat anterior, l&#8217;Usuari s&#8217;obliga, en la utilització de <a href="https://fincacatering.com ">www.fincacatering.com</a> a: <br />
   No introduir, emmagatzemar o difondre en o des del website, qualsevol informació o material que fos difamatori, injuriós, obscè, amenaçador, xenòfob, inciti la violència a la discriminació per raó de raça, sexe, ideologia, religió o que de qualsevol forma atempti contra la moral, l&#8217;ordre públic, els drets fonamentals, les llibertats públiques, l&#8217;honor, la intimitat o la imatge de tercers i en general la normativa vigent. <br />
   No introduir, emmagatzemar o difondre mitjançant el lloc web cap programa d&#8217;ordinador, dades, virus, codi, equip de maquinari o de telecomunicacions o qualsevol altre instrument o dispositiu electrònic o físic que sigui susceptible de causar danys al lloc web, en qualsevol dels serveis , oa qualsevol dels equips, sistemes o xarxes de <strong>Top Catering Events &amp; Organisation</strong>, de qualsevol Usuari, o en general de qualsevol tercer. O que de qualsevol altra manera sigui capaç de causar-los qualsevol tipus d&#8217;alteració o impedir-ne el funcionament normal. <br />
   No utilitzar identitats falses, ni suplantar la identitat d&#8217;altres en la utilització del lloc web o en la utilització de qualsevol dels serveis del lloc web, incloent-hi la utilització si és el cas de contrasenyes o claus d&#8217;accés de tercers o de qualsevol altra forma. No destruir, alterar, utilitzar per al seu ús, inutilitzar o fer malbé les dades, informacions, programes o documents electrònics de <strong>Top Catering Events &amp; Organisation</strong> o tercers.
   </p>
<h4>2.- Seguretat i protecció de dades de caràcter personal </h4>
<p><strong>Top Catering Events &amp; Organisation</strong> garanteix l&#8217;adopció de les mesures oportunes per assegurar el tractament confidencial de les dades dels clients, les quals podran ser consultades o modificades personalment pel titular al domicili social de l&#8217;entitat o per correu electrònic. <br />
   Recepció de butlletins.- Per rebre, periòdicament els butlletins amb les darreres novetats de www.fincacatering.com haurà de seleccionar, en el procés de registre, l&#8217;opció &#8220;Desitjo rebre els butlletins de novetats de la web&#8221;. D&#8217;aquesta manera, rebreu els butlletins al compte de correu electrònic que ens heu indicat. En el supòsit de no voler rebre&#8217;n posteriorment, es podrà, en qualsevol moment, donar de baixa de l&#8217;esmentat butlletí.<br />
   <strong>Top Catering Events &amp; Organisation</strong> es compromet, en pro d&#8217;una política anti-spam, a no facilitar el vostre correu electrònic a cap sistema d&#8217;enviament massiu d&#8217;e-mails. <br />
   <strong>Cancel·lació on-line de les dades de l&#8217;usuari/client</strong>.- En tot moment, podrà esborrar les seves dades com a client de www.fincacatering.com indicant-nos-ho al correu info@fincacatering.com <br />
   <strong>Protecció de dades</strong>.- Us informem que les dades de caràcter personal recollides seran incorporades a un fitxer titularitat de <strong>Top Catering Events &amp; Organisation</strong> (Responsable del Fitxer), i inscrit al Registre de l&#8217;Agència Espanyola de Protecció de Dades, la finalitat del qual és garantir la privadesa de les dades, així com l&#8217;enviament de butlletins informatius i publicitaris.
   </p>
<h4>3.- Legislació i jurisdicció </h4>
<p> Tot allò no indicat en aquestes condicions es tractarà de conformitat amb el que disposa la legislació sobre comerç, especialment, pel que fa a la Llei Orgànica 2/1996 de 15 de Gener d&#8217;Ordenació del Comerç, ia la Llei 7/ 1996, de 15 de gener, d&#8217;ordenació del comerç detallista així com a qualsevol altra la legislació complementària relativa a les vendes a distància i de comerç electrònic. <br />
   Aquestes condicions s&#8217;interpretaran doncs a la llum de la legislació vigent a Espanya en matèria de comerç, la qual s&#8217;aplicarà en tots aquells aspectes no previstos en aquestes condicions. <br />
   Els usuaris se sotmeten expressament a la jurisdicció dels Jutjats i Tribunals de la ciutat de Barcelona (Espanya), amb renúncia expressa a qualsevol altre fur que els pugui correspondre.</p>
<p>[/et_pb_text][/et_pb_column][/et_pb_row][/et_pb_section]</p>

<p>1.- Ús del servei Amb caràcter general, i sense perjudici de les condicions i termes particulars que es fixin als apartats corresponents a serveis concrets, l&#8217;Usuari s&#8217;obliga al compliment de les presents condicions i termes d&#8217;ús, i obrar sempre conforme a la llei, als bons costums ia les exigències de la bona fe, emprant la [&hellip;]</p>
