{"id":4472,"date":"2012-01-14T16:24:33","date_gmt":"2012-01-14T06:24:33","guid":{"rendered":"https:\/\/fincacatering.com\/nueva\/contactar\/"},"modified":"2024-03-27T11:04:00","modified_gmt":"2024-03-27T11:04:00","slug":"kontakt","status":"publish","type":"page","link":"https:\/\/fincacatering.com\/de\/kontakt\/","title":{"rendered":"Kontakt"},"content":{"rendered":"<p>[et_pb_section fb_built=&#8220;1&#8243; admin_label=&#8220;section&#8220; _builder_version=&#8220;4.16&#8243; global_colors_info=&#8220;{}&#8220;][et_pb_row column_structure=&#8220;2_3,1_3&#8243; admin_label=&#8220;row&#8220; _builder_version=&#8220;4.16&#8243; background_size=&#8220;%22initial%22&#8243; background_position=&#8220;%22top_left%22&#8243; global_colors_info=&#8220;{}&#8220;][et_pb_column type=&#8220;2_3&#8243; _builder_version=&#8220;4.16&#8243; custom_padding=&#8220;|||&#8220; global_colors_info=&#8220;{}&#8220; custom_padding__hover=&#8220;|||&#8220;][et_pb_text _builder_version=&#8220;4.24.2&#8243; background_size=&#8220;initial&#8220; background_position=&#8220;top_left&#8220; background_repeat=&#8220;repeat&#8220; hover_enabled=&#8220;0&#8243; global_colors_info=&#8220;{}&#8220; sticky_enabled=&#8220;0&#8243;]<b>Herzlich willkommen auf unserer Kontaktseite!<\/b><\/p>\n<p>Ihr Interesse an unseren Finca Catering- und Event-Services auf der malerischen Insel Mallorca ehrt uns. Ob Sie eine traumhafte Hochzeit, eine inspirierende Gesch\u00e4ftsveranstaltung oder ein festliches Familientreffen planen \u2013 wir sind Ihre Experten f\u00fcr unvergessliche Momente.<\/p>\n<p>Sie m\u00f6chten mehr erfahren oder haben spezielle W\u00fcnsche? Wir laden Sie herzlich ein, mit uns in Kontakt zu treten. Schreiben Sie uns eine E-Mail und teilen Sie uns Ihre Vorstellungen mit.<\/p>\n<p>Nutzen Sie das vorhandene Kontaktformular oder unsere angegebene E-Mail-Adresse, um uns zu erreichen. Wir garantieren eine schnelle Antwort und freuen uns darauf, auf Sie zugeschnittenes, unverbindliches Angebot zu erstellen.<\/p>\n<p>Vertrauen Sie auf unsere Erfahrung und Leidenschaft f\u00fcr au\u00dfergew\u00f6hnliche Events. Wir sind gespannt auf Ihre Pl\u00e4ne und freuen uns darauf, mit Ihnen gemeinsam eine Veranstaltung zu gestalten, die in Erinnerung bleibt.<\/p>\n<p>Mit kulinarischen Gr\u00fc\u00dfen,<br \/>\nCarol Bell\u00e9s, Stefan Schm\u00e4ing und das Team von Finca Catering auf Mallorca.[\/et_pb_text][et_pb_text _builder_version=&#8220;4.24.2&#8243; background_size=&#8220;initial&#8220; background_position=&#8220;top_left&#8220; background_repeat=&#8220;repeat&#8220; hover_enabled=&#8220;0&#8243; global_colors_info=&#8220;{}&#8220; disabled_on=&#8220;on|on|on&#8220; disabled=&#8220;on&#8220; sticky_enabled=&#8220;0&#8243;]Sehr geehrte Besucher,<\/p>\n<p>zu weiteren Informationen zu Finca Catering, Serviceleistungen &amp; Event Service auf Mallorca k\u00f6nnen Sie uns gerne eine E-Mail schreiben. Wir stehen Ihnen gerne beratend und ausf\u00fchrend zu Seite und Sie erhalten in K\u00fcrze ein unverbindliches Angebot von uns!<\/p>\n<p><a href=\"mailto:events@top-catering.com \">events@top-catering.com <\/a><\/p>\n<p>Oder Sie rufen uns an:<\/p>\n<p>Telefon: +34 689 33 33 27<\/p>\n<p>Telefon: +34-627418116 Carol Bell\u00e9s<\/p>\n<p>Telefon: +34-650955918 Stefan<\/p>\n<p><!--Phones: +34 871 988 166 \/ +34 601 124 363--><\/p>\n<p>Adresse: Carrer de Sant Sebasti\u00e0, 9, 07500 Manacor, Illes Balears[\/et_pb_text][\/et_pb_column][et_pb_column type=&#8220;1_3&#8243; _builder_version=&#8220;4.16&#8243; custom_padding=&#8220;|||&#8220; global_colors_info=&#8220;{}&#8220; custom_padding__hover=&#8220;|||&#8220;][et_pb_text admin_label=&#8220;Text&#8220; _builder_version=&#8220;4.16&#8243; background_size=&#8220;%22initial%22&#8243; background_position=&#8220;%22top_left%22&#8243; use_border_color=&#8220;off&#8220; border_color=&#8220;#ffffff&#8220; border_style=&#8220;solid&#8220; global_colors_info=&#8220;{}&#8220;]\n<div class=\"wpcf7 no-js\" id=\"wpcf7-f3914-o1\" lang=\"es-ES\" dir=\"ltr\" data-wpcf7-id=\"3914\">\n<div class=\"screen-reader-response\"><p role=\"status\" aria-live=\"polite\" aria-atomic=\"true\"><\/p> <ul><\/ul><\/div>\n<form action=\"\/de\/wp-json\/wp\/v2\/pages\/4472#wpcf7-f3914-o1\" method=\"post\" class=\"wpcf7-form init\" aria-label=\"Formulario de contacto\" novalidate=\"novalidate\" data-status=\"init\">\n<fieldset class=\"hidden-fields-container\"><input type=\"hidden\" name=\"_wpcf7\" value=\"3914\" \/><input type=\"hidden\" name=\"_wpcf7_version\" value=\"6.1.5\" \/><input type=\"hidden\" name=\"_wpcf7_locale\" value=\"es_ES\" \/><input type=\"hidden\" name=\"_wpcf7_unit_tag\" value=\"wpcf7-f3914-o1\" \/><input type=\"hidden\" name=\"_wpcf7_container_post\" value=\"0\" \/><input type=\"hidden\" name=\"_wpcf7_posted_data_hash\" value=\"\" \/><input type=\"hidden\" name=\"_wpcf7dtx_version\" value=\"5.0.4\" \/>\n<\/fieldset>\n<p><br \/>\n<span class=\"wpcf7-form-control-wrap\" data-name=\"nombre\"><input size=\"40\" maxlength=\"400\" class=\"wpcf7-form-control wpcf7-text wpcf7-validates-as-required\" aria-required=\"true\" aria-invalid=\"false\" placeholder=\"Name\" value=\"\" type=\"text\" name=\"nombre\" \/><\/span>\n<\/p>\n<p><span class=\"wpcf7-form-control-wrap\" data-name=\"email\"><input size=\"40\" maxlength=\"400\" class=\"wpcf7-form-control wpcf7-email wpcf7-validates-as-required wpcf7-text wpcf7-validates-as-email\" aria-required=\"true\" aria-invalid=\"false\" placeholder=\"Email\" value=\"\" type=\"email\" name=\"email\" \/><\/span>\n<\/p>\n<p><span class=\"wpcf7-form-control-wrap\" data-name=\"telefono\"><input size=\"40\" maxlength=\"400\" class=\"wpcf7-form-control wpcf7-text\" aria-invalid=\"false\" placeholder=\"Phone\" value=\"\" type=\"text\" name=\"telefono\" \/><\/span>\n<\/p>\n<p><br \/>\n<span class=\"wpcf7-form-control-wrap\" data-name=\"mensaje\"><textarea cols=\"40\" rows=\"10\" maxlength=\"2000\" class=\"wpcf7-form-control wpcf7-textarea wpcf7-validates-as-required\" aria-required=\"true\" aria-invalid=\"false\" placeholder=\"Nachricht\" name=\"mensaje\"><\/textarea><\/span>\n<\/p>\n<p><span class=\"wpcf7-form-control-wrap\" data-name=\"polticaprivacidad\"><span class=\"wpcf7-form-control wpcf7-acceptance\"><span class=\"wpcf7-list-item\"><input type=\"checkbox\" name=\"polticaprivacidad\" value=\"1\" aria-invalid=\"false\" \/><\/span><\/span><\/span> Accept <a href=\"https:\/\/fincacatering.com\/aviso-legal\/\" target=\"_blank\">privacy policy<\/a>\n<\/p>\n<p><input class=\"wpcf7-form-control wpcf7-submit has-spinner\" type=\"submit\" value=\"Senden\" \/>\n<\/p><p style=\"display: none !important;\" class=\"akismet-fields-container\" data-prefix=\"_wpcf7_ak_\"><label>&#916;<textarea name=\"_wpcf7_ak_hp_textarea\" cols=\"45\" rows=\"8\" maxlength=\"100\"><\/textarea><\/label><input type=\"hidden\" id=\"ak_js_1\" name=\"_wpcf7_ak_js\" value=\"66\"\/><script>document.getElementById( \"ak_js_1\" ).setAttribute( \"value\", ( new Date() ).getTime() );<\/script><\/p><div class=\"wpcf7-response-output\" aria-hidden=\"true\"><\/div>\n<\/form>\n<\/div>\n<br \/>\n[\/et_pb_text][\/et_pb_column][\/et_pb_row][\/et_pb_section]<\/p>\n","protected":false},"excerpt":{"rendered":"<p>Herzlich willkommen auf unserer Kontaktseite! Ihr Interesse an unseren Finca Catering- und Event-Services auf der malerischen Insel Mallorca ehrt uns. Ob Sie eine traumhafte Hochzeit, eine inspirierende Gesch\u00e4ftsveranstaltung oder ein festliches Familientreffen planen \u2013 wir sind Ihre Experten f\u00fcr unvergessliche Momente. Sie m\u00f6chten mehr erfahren oder haben spezielle W\u00fcnsche? Wir laden Sie herzlich ein, mit [&hellip;]<\/p>\n","protected":false},"author":1,"featured_media":0,"parent":0,"menu_order":0,"comment_status":"closed","ping_status":"closed","template":"","meta":{"_et_pb_use_builder":"on","_et_pb_old_content":"","_et_gb_content_width":"","inline_featured_image":false,"footnotes":""},"class_list":["post-4472","page","type-page","status-publish","hentry"],"_links":{"self":[{"href":"https:\/\/fincacatering.com\/de\/wp-json\/wp\/v2\/pages\/4472","targetHints":{"allow":["GET"]}}],"collection":[{"href":"https:\/\/fincacatering.com\/de\/wp-json\/wp\/v2\/pages"}],"about":[{"href":"https:\/\/fincacatering.com\/de\/wp-json\/wp\/v2\/types\/page"}],"author":[{"embeddable":true,"href":"https:\/\/fincacatering.com\/de\/wp-json\/wp\/v2\/users\/1"}],"replies":[{"embeddable":true,"href":"https:\/\/fincacatering.com\/de\/wp-json\/wp\/v2\/comments?post=4472"}],"version-history":[{"count":2,"href":"https:\/\/fincacatering.com\/de\/wp-json\/wp\/v2\/pages\/4472\/revisions"}],"predecessor-version":[{"id":7799,"href":"https:\/\/fincacatering.com\/de\/wp-json\/wp\/v2\/pages\/4472\/revisions\/7799"}],"wp:attachment":[{"href":"https:\/\/fincacatering.com\/de\/wp-json\/wp\/v2\/media?parent=4472"}],"curies":[{"name":"wp","href":"https:\/\/api.w.org\/{rel}","templated":true}]}}

<p>[et_pb_section fb_built=&#8220;1&#8243; admin_label=&#8220;section&#8220; _builder_version=&#8220;4.16&#8243; global_colors_info=&#8220;{}&#8220;][et_pb_row column_structure=&#8220;2_3,1_3&#8243; admin_label=&#8220;row&#8220; _builder_version=&#8220;4.16&#8243; background_size=&#8220;%22initial%22&#8243; background_position=&#8220;%22top_left%22&#8243; global_colors_info=&#8220;{}&#8220;][et_pb_column type=&#8220;2_3&#8243; _builder_version=&#8220;4.16&#8243; custom_padding=&#8220;|||&#8220; global_colors_info=&#8220;{}&#8220; custom_padding__hover=&#8220;|||&#8220;][et_pb_text _builder_version=&#8220;4.24.2&#8243; background_size=&#8220;initial&#8220; background_position=&#8220;top_left&#8220; background_repeat=&#8220;repeat&#8220; hover_enabled=&#8220;0&#8243; global_colors_info=&#8220;{}&#8220; sticky_enabled=&#8220;0&#8243;]<b>Herzlich willkommen auf unserer Kontaktseite!</b></p>
<p>Ihr Interesse an unseren Finca Catering- und Event-Services auf der malerischen Insel Mallorca ehrt uns. Ob Sie eine traumhafte Hochzeit, eine inspirierende Geschäftsveranstaltung oder ein festliches Familientreffen planen – wir sind Ihre Experten für unvergessliche Momente.</p>
<p>Sie möchten mehr erfahren oder haben spezielle Wünsche? Wir laden Sie herzlich ein, mit uns in Kontakt zu treten. Schreiben Sie uns eine E-Mail und teilen Sie uns Ihre Vorstellungen mit.</p>
<p>Nutzen Sie das vorhandene Kontaktformular oder unsere angegebene E-Mail-Adresse, um uns zu erreichen. Wir garantieren eine schnelle Antwort und freuen uns darauf, auf Sie zugeschnittenes, unverbindliches Angebot zu erstellen.</p>
<p>Vertrauen Sie auf unsere Erfahrung und Leidenschaft für außergewöhnliche Events. Wir sind gespannt auf Ihre Pläne und freuen uns darauf, mit Ihnen gemeinsam eine Veranstaltung zu gestalten, die in Erinnerung bleibt.</p>
<p>Mit kulinarischen Grüßen,<br />
Carol Bellés, Stefan Schmäing und das Team von Finca Catering auf Mallorca.[/et_pb_text][et_pb_text _builder_version=&#8220;4.24.2&#8243; background_size=&#8220;initial&#8220; background_position=&#8220;top_left&#8220; background_repeat=&#8220;repeat&#8220; hover_enabled=&#8220;0&#8243; global_colors_info=&#8220;{}&#8220; disabled_on=&#8220;on|on|on&#8220; disabled=&#8220;on&#8220; sticky_enabled=&#8220;0&#8243;]Sehr geehrte Besucher,</p>
<p>zu weiteren Informationen zu Finca Catering, Serviceleistungen &amp; Event Service auf Mallorca können Sie uns gerne eine E-Mail schreiben. Wir stehen Ihnen gerne beratend und ausführend zu Seite und Sie erhalten in Kürze ein unverbindliches Angebot von uns!</p>
<p><a href="mailto:events@top-catering.com ">events@top-catering.com </a></p>
<p>Oder Sie rufen uns an:</p>
<p>Telefon: +34 689 33 33 27</p>
<p>Telefon: +34-627418116 Carol Bellés</p>
<p>Telefon: +34-650955918 Stefan</p>
<p><!--Phones: +34 871 988 166 / +34 601 124 363--></p>
<p>Adresse: Carrer de Sant Sebastià, 9, 07500 Manacor, Illes Balears[/et_pb_text][/et_pb_column][et_pb_column type=&#8220;1_3&#8243; _builder_version=&#8220;4.16&#8243; custom_padding=&#8220;|||&#8220; global_colors_info=&#8220;{}&#8220; custom_padding__hover=&#8220;|||&#8220;][et_pb_text admin_label=&#8220;Text&#8220; _builder_version=&#8220;4.16&#8243; background_size=&#8220;%22initial%22&#8243; background_position=&#8220;%22top_left%22&#8243; use_border_color=&#8220;off&#8220; border_color=&#8220;#ffffff&#8220; border_style=&#8220;solid&#8220; global_colors_info=&#8220;{}&#8220;]
<div class="wpcf7 no-js" id="wpcf7-f3914-o1" lang="es-ES" dir="ltr" data-wpcf7-id="3914">
<div class="screen-reader-response"><p role="status" aria-live="polite" aria-atomic="true"></p> <ul></ul></div>
<form action="/de/wp-json/wp/v2/pages/4472#wpcf7-f3914-o1" method="post" class="wpcf7-form init" aria-label="Formulario de contacto" novalidate="novalidate" data-status="init">
<fieldset class="hidden-fields-container"><input type="hidden" name="_wpcf7" value="3914" /><input type="hidden" name="_wpcf7_version" value="6.1.5" /><input type="hidden" name="_wpcf7_locale" value="es_ES" /><input type="hidden" name="_wpcf7_unit_tag" value="wpcf7-f3914-o1" /><input type="hidden" name="_wpcf7_container_post" value="0" /><input type="hidden" name="_wpcf7_posted_data_hash" value="" /><input type="hidden" name="_wpcf7dtx_version" value="5.0.4" />
</fieldset>
<p><br />
<span class="wpcf7-form-control-wrap" data-name="nombre"><input size="40" maxlength="400" class="wpcf7-form-control wpcf7-text wpcf7-validates-as-required" aria-required="true" aria-invalid="false" placeholder="Name" value="" type="text" name="nombre" /></span>
</p>
<p><span class="wpcf7-form-control-wrap" data-name="email"><input size="40" maxlength="400" class="wpcf7-form-control wpcf7-email wpcf7-validates-as-required wpcf7-text wpcf7-validates-as-email" aria-required="true" aria-invalid="false" placeholder="Email" value="" type="email" name="email" /></span>
</p>
<p><span class="wpcf7-form-control-wrap" data-name="telefono"><input size="40" maxlength="400" class="wpcf7-form-control wpcf7-text" aria-invalid="false" placeholder="Phone" value="" type="text" name="telefono" /></span>
</p>
<p><br />
<span class="wpcf7-form-control-wrap" data-name="mensaje"><textarea cols="40" rows="10" maxlength="2000" class="wpcf7-form-control wpcf7-textarea wpcf7-validates-as-required" aria-required="true" aria-invalid="false" placeholder="Nachricht" name="mensaje"></textarea></span>
</p>
<p><span class="wpcf7-form-control-wrap" data-name="polticaprivacidad"><span class="wpcf7-form-control wpcf7-acceptance"><span class="wpcf7-list-item"><input type="checkbox" name="polticaprivacidad" value="1" aria-invalid="false" /></span></span></span> Accept <a href="https://fincacatering.com/aviso-legal/" target="_blank">privacy policy</a>
</p>
<p><input class="wpcf7-form-control wpcf7-submit has-spinner" type="submit" value="Senden" />
</p><p style="display: none !important;" class="akismet-fields-container" data-prefix="_wpcf7_ak_"><label>&#916;<textarea name="_wpcf7_ak_hp_textarea" cols="45" rows="8" maxlength="100"></textarea></label><input type="hidden" id="ak_js_1" name="_wpcf7_ak_js" value="66"/><script>document.getElementById( "ak_js_1" ).setAttribute( "value", ( new Date() ).getTime() );</script></p><div class="wpcf7-response-output" aria-hidden="true"></div>
</form>
</div>
<br />
[/et_pb_text][/et_pb_column][/et_pb_row][/et_pb_section]</p>

<p>Herzlich willkommen auf unserer Kontaktseite! Ihr Interesse an unseren Finca Catering- und Event-Services auf der malerischen Insel Mallorca ehrt uns. Ob Sie eine traumhafte Hochzeit, eine inspirierende Geschäftsveranstaltung oder ein festliches Familientreffen planen – wir sind Ihre Experten für unvergessliche Momente. Sie möchten mehr erfahren oder haben spezielle Wünsche? Wir laden Sie herzlich ein, mit [&hellip;]</p>
