{"id":4595,"date":"2012-05-22T11:53:39","date_gmt":"2012-05-22T11:53:39","guid":{"rendered":"https:\/\/fincacatering.com\/nueva\/bodas\/"},"modified":"2024-03-26T16:28:06","modified_gmt":"2024-03-26T16:28:06","slug":"hochzeiten","status":"publish","type":"page","link":"https:\/\/fincacatering.com\/de\/hochzeiten\/","title":{"rendered":"HOCHZEITEN"},"content":{"rendered":"<p>[et_pb_section fb_built=&#8220;1&#8243; admin_label=&#8220;section&#8220; _builder_version=&#8220;4.16&#8243; global_colors_info=&#8220;{}&#8220;][et_pb_row admin_label=&#8220;row&#8220; _builder_version=&#8220;4.16&#8243; background_color=&#8220;#fdf8ec&#8220; background_size=&#8220;initial&#8220; background_position=&#8220;top_left&#8220; background_repeat=&#8220;repeat&#8220; global_colors_info=&#8220;{}&#8220;][et_pb_column type=&#8220;4_4&#8243; _builder_version=&#8220;4.16&#8243; background_position=&#8220;top_left&#8220; custom_padding=&#8220;|||&#8220; global_colors_info=&#8220;{}&#8220; custom_padding__hover=&#8220;|||&#8220;][et_pb_text module_class=&#8220;titulopagina&#8220; _builder_version=&#8220;4.16&#8243; background_size=&#8220;initial&#8220; background_position=&#8220;top_left&#8220; background_repeat=&#8220;repeat&#8220; border_style=&#8220;solid&#8220; global_colors_info=&#8220;{}&#8220;]<\/p>\n<h1>Hochzeiten Mallorca<\/h1>\n<p>[\/et_pb_text][\/et_pb_column][\/et_pb_row][et_pb_row column_structure=&#8220;2_3,1_3&#8243; _builder_version=&#8220;4.16&#8243; background_size=&#8220;initial&#8220; background_position=&#8220;top_left&#8220; background_repeat=&#8220;repeat&#8220; global_colors_info=&#8220;{}&#8220;][et_pb_column type=&#8220;2_3&#8243; _builder_version=&#8220;4.16&#8243; custom_padding=&#8220;|||&#8220; global_colors_info=&#8220;{}&#8220; custom_padding__hover=&#8220;|||&#8220;][et_pb_image src=&#8220;https:\/\/fincacatering.com\/wp-content\/uploads\/2024\/02\/weddings.jpg&#8220; title_text=&#8220;weddings&#8220; align_tablet=&#8220;center&#8220; align_phone=&#8220;center&#8220; align_last_edited=&#8220;on|desktop&#8220; _builder_version=&#8220;4.24.2&#8243; width=&#8220;50%&#8220; animation_style=&#8220;slide&#8220; animation_direction=&#8220;left&#8220; animation_duration=&#8220;500ms&#8220; animation_intensity_slide=&#8220;10%&#8220; border_style=&#8220;solid&#8220; sticky=&#8220;off&#8220; always_center_on_mobile=&#8220;on&#8220; global_colors_info=&#8220;{}&#8220;][\/et_pb_image][et_pb_text _builder_version=&#8220;4.24.2&#8243; background_size=&#8220;initial&#8220; background_position=&#8220;top_left&#8220; background_repeat=&#8220;repeat&#8220; hover_enabled=&#8220;0&#8243; border_style=&#8220;solid&#8220; global_colors_info=&#8220;{}&#8220; sticky_enabled=&#8220;0&#8243;]<\/p>\n<h4><strong>Hochzeiten mit Finca Catering<\/strong><\/h4>\n<h5>Individuelle Traumhochzeiten mit professioneller Unterst\u00fctzung<\/h5>\n<p>Liebe Paare,<\/p>\n<p>Bei Finca Catering in Mallorca verstehen wir, wie besonders Ihr Hochzeitstag ist, und wir m\u00f6chten Ihnen helfen, Ihre Tr\u00e4ume wahr werden zu lassen. Obwohl wir keine Hochzeitsplaner sind, verpflichtet sich unser leidenschaftliches Team, jedes Detail zu k\u00fcmmern, damit Ihre Feier einzigartig ist und Ihre gemeinsame Liebe widerspiegelt.<\/p>\n<p>Wir bieten Ihnen die Freiheit, Ihre Hochzeit nach Ihren W\u00fcnschen zu gestalten, aber mit der Unterst\u00fctzung und professionellen Erfahrung, die Sie ben\u00f6tigen. Wir werden zusammenarbeiten, um sicherzustellen, dass jeder Aspekt Ihrer Hochzeit perfekt und unvergesslich wird.<\/p>\n<p>Wir haben ein Netzwerk vertrauensw\u00fcrdiger Anbieter f\u00fcr Blumen, Dekoration, Musik, K\u00fcnstler und Fotografie, die unsere Leidenschaft f\u00fcr Qualit\u00e4t und Service teilen. Mit ihrer Hilfe werden wir sicherstellen, dass die Atmosph\u00e4re und \u00c4sthetik Ihrer Feier genau so sind, wie Sie es sich vorgestellt haben.<\/p>\n<p>Wir sind hier, um Ihnen die notwendige Unterst\u00fctzung zu bieten, damit Sie einen unvergesslichen Tag genie\u00dfen k\u00f6nnen. Wir senden Ihnen die besten W\u00fcnsche f\u00fcr Ihr bevorstehendes Fest!<\/p>\n<p>Mit freundlichen Gr\u00fc\u00dfen,<br \/>\nCarol Bell\u00e9s, Stefan Schm\u00e4ing und das Team von Finca Catering in Mallorca<br \/>\n[\/et_pb_text][\/et_pb_column][et_pb_column type=&#8220;1_3&#8243; _builder_version=&#8220;4.16&#8243; custom_padding=&#8220;|||&#8220; global_colors_info=&#8220;{}&#8220; custom_padding__hover=&#8220;|||&#8220;][et_pb_text _builder_version=&#8220;4.24.2&#8243; _module_preset=&#8220;default&#8220; global_colors_info=&#8220;{}&#8220;]\n<div class=\"wpcf7 no-js\" id=\"wpcf7-f6643-o1\" lang=\"en-US\" dir=\"ltr\" data-wpcf7-id=\"6643\">\n<div class=\"screen-reader-response\"><p role=\"status\" aria-live=\"polite\" aria-atomic=\"true\"><\/p> <ul><\/ul><\/div>\n<form action=\"\/de\/wp-json\/wp\/v2\/pages\/4595#wpcf7-f6643-o1\" method=\"post\" class=\"wpcf7-form init\" aria-label=\"Contact form\" novalidate=\"novalidate\" data-status=\"init\">\n<fieldset class=\"hidden-fields-container\"><input type=\"hidden\" name=\"_wpcf7\" value=\"6643\" \/><input type=\"hidden\" name=\"_wpcf7_version\" value=\"6.1.5\" \/><input type=\"hidden\" name=\"_wpcf7_locale\" value=\"en_US\" \/><input type=\"hidden\" name=\"_wpcf7_unit_tag\" value=\"wpcf7-f6643-o1\" \/><input type=\"hidden\" name=\"_wpcf7_container_post\" value=\"0\" \/><input type=\"hidden\" name=\"_wpcf7_posted_data_hash\" value=\"\" \/><input type=\"hidden\" name=\"_wpcf7dtx_version\" value=\"5.0.4\" \/>\n<\/fieldset>\n<span class=\"wpcf7-form-control-wrap servicio\" data-name=\"servicio\"><input type=\"hidden\" name=\"servicio\" class=\"wpcf7-form-control wpcf7-hidden wpcf7dtx wpcf7dtx-hidden\" aria-invalid=\"false\" value=\"HOCHZEITEN\"><\/span>\n<div class=\"form-finca\">\n\t<h4>Get more info:\n\t<\/h4>\n\t<p>Name *\n\t<\/p>\n\t<p><span class=\"wpcf7-form-control-wrap\" data-name=\"your-name\"><input size=\"40\" maxlength=\"400\" class=\"wpcf7-form-control wpcf7-text wpcf7-validates-as-required\" aria-required=\"true\" aria-invalid=\"false\" value=\"\" type=\"text\" name=\"your-name\" \/><\/span>\n\t<\/p>\n\t<p>Email *\n\t<\/p>\n\t<p><span class=\"wpcf7-form-control-wrap\" data-name=\"your-email\"><input size=\"40\" maxlength=\"400\" class=\"wpcf7-form-control wpcf7-email wpcf7-validates-as-required wpcf7-text wpcf7-validates-as-email\" aria-required=\"true\" aria-invalid=\"false\" value=\"\" type=\"email\" name=\"your-email\" \/><\/span>\n\t<\/p>\n\t<p>Telefon\n\t<\/p>\n\t<p><span class=\"wpcf7-form-control-wrap\" data-name=\"your-phone\"><input size=\"40\" maxlength=\"400\" class=\"wpcf7-form-control wpcf7-text\" aria-invalid=\"false\" value=\"\" type=\"text\" name=\"your-phone\" \/><\/span>\n\t<\/p>\n\t<p>Nachricht\n\t<\/p>\n\t<p><span class=\"wpcf7-form-control-wrap\" data-name=\"your-message\"><textarea cols=\"40\" rows=\"10\" maxlength=\"2000\" class=\"wpcf7-form-control wpcf7-textarea\" aria-invalid=\"false\" name=\"your-message\"><\/textarea><\/span>\n\t<\/p>\n\t<p><span class=\"wpcf7-form-control-wrap\" data-name=\"politica\"><span class=\"wpcf7-form-control wpcf7-acceptance\"><span class=\"wpcf7-list-item\"><input type=\"checkbox\" name=\"politica\" value=\"1\" aria-invalid=\"false\" \/><\/span><\/span><\/span> Ich habe die Datenschutzerkl\u00e4rung gelesen und stimme dieser zu\n\t<\/p>\n\t<p><input class=\"wpcf7-form-control wpcf7-submit has-spinner\" type=\"submit\" value=\"Senden\" \/>\n\t<\/p>\n<\/div><p style=\"display: none !important;\" class=\"akismet-fields-container\" data-prefix=\"_wpcf7_ak_\"><label>&#916;<textarea name=\"_wpcf7_ak_hp_textarea\" cols=\"45\" rows=\"8\" maxlength=\"100\"><\/textarea><\/label><input type=\"hidden\" id=\"ak_js_1\" name=\"_wpcf7_ak_js\" value=\"194\"\/><script>document.getElementById( \"ak_js_1\" ).setAttribute( \"value\", ( new Date() ).getTime() );<\/script><\/p><div class=\"wpcf7-response-output\" aria-hidden=\"true\"><\/div>\n<\/form>\n<\/div>\n[\/et_pb_text][\/et_pb_column][\/et_pb_row][\/et_pb_section]<\/p>\n","protected":false},"excerpt":{"rendered":"<p>Hochzeiten Mallorca Hochzeiten mit Finca Catering Individuelle Traumhochzeiten mit professioneller Unterst\u00fctzung Liebe Paare, Bei Finca Catering in Mallorca verstehen wir, wie besonders Ihr Hochzeitstag ist, und wir m\u00f6chten Ihnen helfen, Ihre Tr\u00e4ume wahr werden zu lassen. Obwohl wir keine Hochzeitsplaner sind, verpflichtet sich unser leidenschaftliches Team, jedes Detail zu k\u00fcmmern, damit Ihre Feier einzigartig ist [&hellip;]<\/p>\n","protected":false},"author":2,"featured_media":0,"parent":0,"menu_order":0,"comment_status":"closed","ping_status":"closed","template":"","meta":{"_et_pb_use_builder":"on","_et_pb_old_content":"","_et_gb_content_width":"","inline_featured_image":false,"footnotes":""},"class_list":["post-4595","page","type-page","status-publish","hentry"],"_links":{"self":[{"href":"https:\/\/fincacatering.com\/de\/wp-json\/wp\/v2\/pages\/4595","targetHints":{"allow":["GET"]}}],"collection":[{"href":"https:\/\/fincacatering.com\/de\/wp-json\/wp\/v2\/pages"}],"about":[{"href":"https:\/\/fincacatering.com\/de\/wp-json\/wp\/v2\/types\/page"}],"author":[{"embeddable":true,"href":"https:\/\/fincacatering.com\/de\/wp-json\/wp\/v2\/users\/2"}],"replies":[{"embeddable":true,"href":"https:\/\/fincacatering.com\/de\/wp-json\/wp\/v2\/comments?post=4595"}],"version-history":[{"count":3,"href":"https:\/\/fincacatering.com\/de\/wp-json\/wp\/v2\/pages\/4595\/revisions"}],"predecessor-version":[{"id":7752,"href":"https:\/\/fincacatering.com\/de\/wp-json\/wp\/v2\/pages\/4595\/revisions\/7752"}],"wp:attachment":[{"href":"https:\/\/fincacatering.com\/de\/wp-json\/wp\/v2\/media?parent=4595"}],"curies":[{"name":"wp","href":"https:\/\/api.w.org\/{rel}","templated":true}]}}

<p>[et_pb_section fb_built=&#8220;1&#8243; admin_label=&#8220;section&#8220; _builder_version=&#8220;4.16&#8243; global_colors_info=&#8220;{}&#8220;][et_pb_row admin_label=&#8220;row&#8220; _builder_version=&#8220;4.16&#8243; background_color=&#8220;#fdf8ec&#8220; background_size=&#8220;initial&#8220; background_position=&#8220;top_left&#8220; background_repeat=&#8220;repeat&#8220; global_colors_info=&#8220;{}&#8220;][et_pb_column type=&#8220;4_4&#8243; _builder_version=&#8220;4.16&#8243; background_position=&#8220;top_left&#8220; custom_padding=&#8220;|||&#8220; global_colors_info=&#8220;{}&#8220; custom_padding__hover=&#8220;|||&#8220;][et_pb_text module_class=&#8220;titulopagina&#8220; _builder_version=&#8220;4.16&#8243; background_size=&#8220;initial&#8220; background_position=&#8220;top_left&#8220; background_repeat=&#8220;repeat&#8220; border_style=&#8220;solid&#8220; global_colors_info=&#8220;{}&#8220;]</p>
<h1>Hochzeiten Mallorca</h1>
<p>[/et_pb_text][/et_pb_column][/et_pb_row][et_pb_row column_structure=&#8220;2_3,1_3&#8243; _builder_version=&#8220;4.16&#8243; background_size=&#8220;initial&#8220; background_position=&#8220;top_left&#8220; background_repeat=&#8220;repeat&#8220; global_colors_info=&#8220;{}&#8220;][et_pb_column type=&#8220;2_3&#8243; _builder_version=&#8220;4.16&#8243; custom_padding=&#8220;|||&#8220; global_colors_info=&#8220;{}&#8220; custom_padding__hover=&#8220;|||&#8220;][et_pb_image src=&#8220;https://fincacatering.com/wp-content/uploads/2024/02/weddings.jpg&#8220; title_text=&#8220;weddings&#8220; align_tablet=&#8220;center&#8220; align_phone=&#8220;center&#8220; align_last_edited=&#8220;on|desktop&#8220; _builder_version=&#8220;4.24.2&#8243; width=&#8220;50%&#8220; animation_style=&#8220;slide&#8220; animation_direction=&#8220;left&#8220; animation_duration=&#8220;500ms&#8220; animation_intensity_slide=&#8220;10%&#8220; border_style=&#8220;solid&#8220; sticky=&#8220;off&#8220; always_center_on_mobile=&#8220;on&#8220; global_colors_info=&#8220;{}&#8220;][/et_pb_image][et_pb_text _builder_version=&#8220;4.24.2&#8243; background_size=&#8220;initial&#8220; background_position=&#8220;top_left&#8220; background_repeat=&#8220;repeat&#8220; hover_enabled=&#8220;0&#8243; border_style=&#8220;solid&#8220; global_colors_info=&#8220;{}&#8220; sticky_enabled=&#8220;0&#8243;]</p>
<h4><strong>Hochzeiten mit Finca Catering</strong></h4>
<h5>Individuelle Traumhochzeiten mit professioneller Unterstützung</h5>
<p>Liebe Paare,</p>
<p>Bei Finca Catering in Mallorca verstehen wir, wie besonders Ihr Hochzeitstag ist, und wir möchten Ihnen helfen, Ihre Träume wahr werden zu lassen. Obwohl wir keine Hochzeitsplaner sind, verpflichtet sich unser leidenschaftliches Team, jedes Detail zu kümmern, damit Ihre Feier einzigartig ist und Ihre gemeinsame Liebe widerspiegelt.</p>
<p>Wir bieten Ihnen die Freiheit, Ihre Hochzeit nach Ihren Wünschen zu gestalten, aber mit der Unterstützung und professionellen Erfahrung, die Sie benötigen. Wir werden zusammenarbeiten, um sicherzustellen, dass jeder Aspekt Ihrer Hochzeit perfekt und unvergesslich wird.</p>
<p>Wir haben ein Netzwerk vertrauenswürdiger Anbieter für Blumen, Dekoration, Musik, Künstler und Fotografie, die unsere Leidenschaft für Qualität und Service teilen. Mit ihrer Hilfe werden wir sicherstellen, dass die Atmosphäre und Ästhetik Ihrer Feier genau so sind, wie Sie es sich vorgestellt haben.</p>
<p>Wir sind hier, um Ihnen die notwendige Unterstützung zu bieten, damit Sie einen unvergesslichen Tag genießen können. Wir senden Ihnen die besten Wünsche für Ihr bevorstehendes Fest!</p>
<p>Mit freundlichen Grüßen,<br />
Carol Bellés, Stefan Schmäing und das Team von Finca Catering in Mallorca<br />
[/et_pb_text][/et_pb_column][et_pb_column type=&#8220;1_3&#8243; _builder_version=&#8220;4.16&#8243; custom_padding=&#8220;|||&#8220; global_colors_info=&#8220;{}&#8220; custom_padding__hover=&#8220;|||&#8220;][et_pb_text _builder_version=&#8220;4.24.2&#8243; _module_preset=&#8220;default&#8220; global_colors_info=&#8220;{}&#8220;]
<div class="wpcf7 no-js" id="wpcf7-f6643-o1" lang="en-US" dir="ltr" data-wpcf7-id="6643">
<div class="screen-reader-response"><p role="status" aria-live="polite" aria-atomic="true"></p> <ul></ul></div>
<form action="/de/wp-json/wp/v2/pages/4595#wpcf7-f6643-o1" method="post" class="wpcf7-form init" aria-label="Contact form" novalidate="novalidate" data-status="init">
<fieldset class="hidden-fields-container"><input type="hidden" name="_wpcf7" value="6643" /><input type="hidden" name="_wpcf7_version" value="6.1.5" /><input type="hidden" name="_wpcf7_locale" value="en_US" /><input type="hidden" name="_wpcf7_unit_tag" value="wpcf7-f6643-o1" /><input type="hidden" name="_wpcf7_container_post" value="0" /><input type="hidden" name="_wpcf7_posted_data_hash" value="" /><input type="hidden" name="_wpcf7dtx_version" value="5.0.4" />
</fieldset>
<span class="wpcf7-form-control-wrap servicio" data-name="servicio"><input type="hidden" name="servicio" class="wpcf7-form-control wpcf7-hidden wpcf7dtx wpcf7dtx-hidden" aria-invalid="false" value="HOCHZEITEN"></span>
<div class="form-finca">
	<h4>Get more info:
	</h4>
	<p>Name *
	</p>
	<p><span class="wpcf7-form-control-wrap" data-name="your-name"><input size="40" maxlength="400" class="wpcf7-form-control wpcf7-text wpcf7-validates-as-required" aria-required="true" aria-invalid="false" value="" type="text" name="your-name" /></span>
	</p>
	<p>Email *
	</p>
	<p><span class="wpcf7-form-control-wrap" data-name="your-email"><input size="40" maxlength="400" class="wpcf7-form-control wpcf7-email wpcf7-validates-as-required wpcf7-text wpcf7-validates-as-email" aria-required="true" aria-invalid="false" value="" type="email" name="your-email" /></span>
	</p>
	<p>Telefon
	</p>
	<p><span class="wpcf7-form-control-wrap" data-name="your-phone"><input size="40" maxlength="400" class="wpcf7-form-control wpcf7-text" aria-invalid="false" value="" type="text" name="your-phone" /></span>
	</p>
	<p>Nachricht
	</p>
	<p><span class="wpcf7-form-control-wrap" data-name="your-message"><textarea cols="40" rows="10" maxlength="2000" class="wpcf7-form-control wpcf7-textarea" aria-invalid="false" name="your-message"></textarea></span>
	</p>
	<p><span class="wpcf7-form-control-wrap" data-name="politica"><span class="wpcf7-form-control wpcf7-acceptance"><span class="wpcf7-list-item"><input type="checkbox" name="politica" value="1" aria-invalid="false" /></span></span></span> Ich habe die Datenschutzerklärung gelesen und stimme dieser zu
	</p>
	<p><input class="wpcf7-form-control wpcf7-submit has-spinner" type="submit" value="Senden" />
	</p>
</div><p style="display: none !important;" class="akismet-fields-container" data-prefix="_wpcf7_ak_"><label>&#916;<textarea name="_wpcf7_ak_hp_textarea" cols="45" rows="8" maxlength="100"></textarea></label><input type="hidden" id="ak_js_1" name="_wpcf7_ak_js" value="194"/><script>document.getElementById( "ak_js_1" ).setAttribute( "value", ( new Date() ).getTime() );</script></p><div class="wpcf7-response-output" aria-hidden="true"></div>
</form>
</div>
[/et_pb_text][/et_pb_column][/et_pb_row][/et_pb_section]</p>

<p>Hochzeiten Mallorca Hochzeiten mit Finca Catering Individuelle Traumhochzeiten mit professioneller Unterstützung Liebe Paare, Bei Finca Catering in Mallorca verstehen wir, wie besonders Ihr Hochzeitstag ist, und wir möchten Ihnen helfen, Ihre Träume wahr werden zu lassen. Obwohl wir keine Hochzeitsplaner sind, verpflichtet sich unser leidenschaftliches Team, jedes Detail zu kümmern, damit Ihre Feier einzigartig ist [&hellip;]</p>
