{"id":5260,"date":"2017-09-22T11:08:48","date_gmt":"2017-09-22T11:08:48","guid":{"rendered":"https:\/\/fincacatering.com\/musica-mas\/"},"modified":"2024-03-27T10:50:41","modified_gmt":"2024-03-27T10:50:41","slug":"events-more","status":"publish","type":"page","link":"https:\/\/fincacatering.com\/de\/events-more\/","title":{"rendered":"Events &#038; More"},"content":{"rendered":"<p>[et_pb_section fb_built=&#8220;1&#8243; _builder_version=&#8220;4.16&#8243; global_colors_info=&#8220;{}&#8220;][et_pb_row _builder_version=&#8220;4.16&#8243; background_color=&#8220;#fdf8ec&#8220; background_size=&#8220;initial&#8220; background_position=&#8220;top_left&#8220; background_repeat=&#8220;repeat&#8220; global_colors_info=&#8220;{}&#8220;][et_pb_column type=&#8220;4_4&#8243; _builder_version=&#8220;4.16&#8243; background_position=&#8220;top_left&#8220; custom_padding=&#8220;|||&#8220; global_colors_info=&#8220;{}&#8220; custom_padding__hover=&#8220;|||&#8220;][et_pb_text _builder_version=&#8220;4.24.2&#8243; background_size=&#8220;initial&#8220; background_position=&#8220;top_left&#8220; background_repeat=&#8220;repeat&#8220; hover_enabled=&#8220;0&#8243; border_style=&#8220;solid&#8220; global_colors_info=&#8220;{}&#8220; sticky_enabled=&#8220;0&#8243;]<\/p>\n<h1>Events &#038; More<\/h1>\n<p>[\/et_pb_text][\/et_pb_column][\/et_pb_row][et_pb_row column_structure=&#8220;3_5,2_5&#8243; _builder_version=&#8220;4.16&#8243; background_size=&#8220;initial&#8220; background_position=&#8220;top_left&#8220; background_repeat=&#8220;repeat&#8220; global_colors_info=&#8220;{}&#8220;][et_pb_column type=&#8220;3_5&#8243; _builder_version=&#8220;4.16&#8243; custom_padding=&#8220;|||&#8220; global_colors_info=&#8220;{}&#8220; custom_padding__hover=&#8220;|||&#8220;][et_pb_image src=&#8220;https:\/\/fincacatering.com\/wp-content\/uploads\/2024\/02\/events-and-more.jpeg&#8220; title_text=&#8220;events-and-more&#8220; _builder_version=&#8220;4.24.2&#8243; _module_preset=&#8220;default&#8220; global_colors_info=&#8220;{}&#8220;][\/et_pb_image][et_pb_text _builder_version=&#8220;4.24.2&#8243; background_size=&#8220;initial&#8220; background_position=&#8220;top_left&#8220; background_repeat=&#8220;repeat&#8220; hover_enabled=&#8220;0&#8243; border_style=&#8220;solid&#8220; global_colors_info=&#8220;{}&#8220; sticky_enabled=&#8220;0&#8243;]<\/p>\n<h4>Ihr Schl\u00fcssel zu unvergesslichen Events auf Mallorca<\/h4>\n<p>Wenn Sie auf der Suche nach einem zuverl\u00e4ssigen Partner auf Mallorca sind, der Ihre Eventplanung nicht nur erleichtert, sondern sie zu einem wahren Fest f\u00fcr die Sinne macht, dann sind Sie bei uns genau richtig. Unser erfahrenes Finca Catering-Team ist darauf spezialisiert, Sie und Ihre G\u00e4ste mit einer Vielfalt an kulinarischen Kreationen zu verw\u00f6hnen. Wir setzen auf frische, saisonale Zutaten, um Men\u00fcs zu kreieren, die Ihre Geschmackserwartungen \u00fcbertreffen &#8211; von Men\u00fcs bis hin zu Live-Cooking-Station, bei denen unsere talentierten K\u00f6che ihre Gerichte direkt vor Ihren Augen zubereiten.<\/p>\n<p>Jedes Detail z\u00e4hlt, und deshalb erg\u00e4nzen wir unsere kulinarischen Angebote mit einem umfassenden Service, der die Lieferung der Einrichtung umfasst. Doch unser Service geht \u00fcber das Catering hinaus. Wir \u00f6ffnen Ihnen die T\u00fcren zu unserem Netzwerk von bew\u00e4hrten Lieferanten f\u00fcr Blumen, Dekoration, Musik, K\u00fcnstler und Fotografie.<br \/>\nMit diesem starken R\u00fcckhalt k\u00f6nnen Sie sich darauf verlassen, dass jedes Detail \u2013 mit gr\u00f6\u00dfter Hingabe und Professionalit\u00e4t \u2013 realisiert wird. Unsere langj\u00e4hrige Erfahrung sorgt daf\u00fcr, dass die kulinarischen Highlights Ihrer Feier harmonisch in ein Gesamterlebnis eingebettet werden. Vertrauen Sie auf unser Engagement, Ihr Event zu einem unvergesslichen Ereignis zu machen, an das sich Ihre G\u00e4ste noch lange erinnern werden. <\/p>\n<p>Mit herzlichsten Gr\u00fc\u00dfen und den besten W\u00fcnschen f\u00fcr Ihre bevorstehende Feier, Carol Bell\u00e9s, Stefan Schm\u00e4ing und das Team von Finca Catering auf Mallorca.[\/et_pb_text][\/et_pb_column][et_pb_column type=&#8220;2_5&#8243; _builder_version=&#8220;4.16&#8243; custom_padding=&#8220;|||&#8220; global_colors_info=&#8220;{}&#8220; custom_padding__hover=&#8220;|||&#8220;][et_pb_code _builder_version=&#8220;4.16&#8243; _module_preset=&#8220;default&#8220; global_colors_info=&#8220;{}&#8220;]\n<div class=\"wpcf7 no-js\" id=\"wpcf7-f6643-o1\" lang=\"en-US\" dir=\"ltr\" data-wpcf7-id=\"6643\">\n<div class=\"screen-reader-response\"><p role=\"status\" aria-live=\"polite\" aria-atomic=\"true\"><\/p> <ul><\/ul><\/div>\n<form action=\"\/de\/wp-json\/wp\/v2\/pages\/5260#wpcf7-f6643-o1\" method=\"post\" class=\"wpcf7-form init\" aria-label=\"Contact form\" novalidate=\"novalidate\" data-status=\"init\">\n<fieldset class=\"hidden-fields-container\"><input type=\"hidden\" name=\"_wpcf7\" value=\"6643\" \/><input type=\"hidden\" name=\"_wpcf7_version\" value=\"6.1.5\" \/><input type=\"hidden\" name=\"_wpcf7_locale\" value=\"en_US\" \/><input type=\"hidden\" name=\"_wpcf7_unit_tag\" value=\"wpcf7-f6643-o1\" \/><input type=\"hidden\" name=\"_wpcf7_container_post\" value=\"0\" \/><input type=\"hidden\" name=\"_wpcf7_posted_data_hash\" value=\"\" \/><input type=\"hidden\" name=\"_wpcf7dtx_version\" value=\"5.0.4\" \/>\n<\/fieldset>\n<span class=\"wpcf7-form-control-wrap servicio\" data-name=\"servicio\"><input type=\"hidden\" name=\"servicio\" class=\"wpcf7-form-control wpcf7-hidden wpcf7dtx wpcf7dtx-hidden\" aria-invalid=\"false\" value=\"Events &amp; More\"><\/span>\n<div class=\"form-finca\">\n\t<h4>Get more info:\n\t<\/h4>\n\t<p>Name *\n\t<\/p>\n\t<p><span class=\"wpcf7-form-control-wrap\" data-name=\"your-name\"><input size=\"40\" maxlength=\"400\" class=\"wpcf7-form-control wpcf7-text wpcf7-validates-as-required\" aria-required=\"true\" aria-invalid=\"false\" value=\"\" type=\"text\" name=\"your-name\" \/><\/span>\n\t<\/p>\n\t<p>Email *\n\t<\/p>\n\t<p><span class=\"wpcf7-form-control-wrap\" data-name=\"your-email\"><input size=\"40\" maxlength=\"400\" class=\"wpcf7-form-control wpcf7-email wpcf7-validates-as-required wpcf7-text wpcf7-validates-as-email\" aria-required=\"true\" aria-invalid=\"false\" value=\"\" type=\"email\" name=\"your-email\" \/><\/span>\n\t<\/p>\n\t<p>Telefon\n\t<\/p>\n\t<p><span class=\"wpcf7-form-control-wrap\" data-name=\"your-phone\"><input size=\"40\" maxlength=\"400\" class=\"wpcf7-form-control wpcf7-text\" aria-invalid=\"false\" value=\"\" type=\"text\" name=\"your-phone\" \/><\/span>\n\t<\/p>\n\t<p>Nachricht\n\t<\/p>\n\t<p><span class=\"wpcf7-form-control-wrap\" data-name=\"your-message\"><textarea cols=\"40\" rows=\"10\" maxlength=\"2000\" class=\"wpcf7-form-control wpcf7-textarea\" aria-invalid=\"false\" name=\"your-message\"><\/textarea><\/span>\n\t<\/p>\n\t<p><span class=\"wpcf7-form-control-wrap\" data-name=\"politica\"><span class=\"wpcf7-form-control wpcf7-acceptance\"><span class=\"wpcf7-list-item\"><input type=\"checkbox\" name=\"politica\" value=\"1\" aria-invalid=\"false\" \/><\/span><\/span><\/span> Ich habe die Datenschutzerkl\u00e4rung gelesen und stimme dieser zu\n\t<\/p>\n\t<p><input class=\"wpcf7-form-control wpcf7-submit has-spinner\" type=\"submit\" value=\"Senden\" \/>\n\t<\/p>\n<\/div><p style=\"display: none !important;\" class=\"akismet-fields-container\" data-prefix=\"_wpcf7_ak_\"><label>&#916;<textarea name=\"_wpcf7_ak_hp_textarea\" cols=\"45\" rows=\"8\" maxlength=\"100\"><\/textarea><\/label><input type=\"hidden\" id=\"ak_js_1\" name=\"_wpcf7_ak_js\" value=\"66\"\/><script>document.getElementById( \"ak_js_1\" ).setAttribute( \"value\", ( new Date() ).getTime() );<\/script><\/p><div class=\"wpcf7-response-output\" aria-hidden=\"true\"><\/div>\n<\/form>\n<\/div>\n[\/et_pb_code][\/et_pb_column][\/et_pb_row][\/et_pb_section]<\/p>\n","protected":false},"excerpt":{"rendered":"<p>Events &#038; MoreIhr Schl\u00fcssel zu unvergesslichen Events auf Mallorca Wenn Sie auf der Suche nach einem zuverl\u00e4ssigen Partner auf Mallorca sind, der Ihre Eventplanung nicht nur erleichtert, sondern sie zu einem wahren Fest f\u00fcr die Sinne macht, dann sind Sie bei uns genau richtig. Unser erfahrenes Finca Catering-Team ist darauf spezialisiert, Sie und Ihre G\u00e4ste [&hellip;]<\/p>\n","protected":false},"author":1,"featured_media":0,"parent":0,"menu_order":0,"comment_status":"closed","ping_status":"closed","template":"","meta":{"_et_pb_use_builder":"on","_et_pb_old_content":"","_et_gb_content_width":"","inline_featured_image":false,"footnotes":""},"class_list":["post-5260","page","type-page","status-publish","hentry"],"_links":{"self":[{"href":"https:\/\/fincacatering.com\/de\/wp-json\/wp\/v2\/pages\/5260","targetHints":{"allow":["GET"]}}],"collection":[{"href":"https:\/\/fincacatering.com\/de\/wp-json\/wp\/v2\/pages"}],"about":[{"href":"https:\/\/fincacatering.com\/de\/wp-json\/wp\/v2\/types\/page"}],"author":[{"embeddable":true,"href":"https:\/\/fincacatering.com\/de\/wp-json\/wp\/v2\/users\/1"}],"replies":[{"embeddable":true,"href":"https:\/\/fincacatering.com\/de\/wp-json\/wp\/v2\/comments?post=5260"}],"version-history":[{"count":6,"href":"https:\/\/fincacatering.com\/de\/wp-json\/wp\/v2\/pages\/5260\/revisions"}],"predecessor-version":[{"id":7777,"href":"https:\/\/fincacatering.com\/de\/wp-json\/wp\/v2\/pages\/5260\/revisions\/7777"}],"wp:attachment":[{"href":"https:\/\/fincacatering.com\/de\/wp-json\/wp\/v2\/media?parent=5260"}],"curies":[{"name":"wp","href":"https:\/\/api.w.org\/{rel}","templated":true}]}}

<p>[et_pb_section fb_built=&#8220;1&#8243; _builder_version=&#8220;4.16&#8243; global_colors_info=&#8220;{}&#8220;][et_pb_row _builder_version=&#8220;4.16&#8243; background_color=&#8220;#fdf8ec&#8220; background_size=&#8220;initial&#8220; background_position=&#8220;top_left&#8220; background_repeat=&#8220;repeat&#8220; global_colors_info=&#8220;{}&#8220;][et_pb_column type=&#8220;4_4&#8243; _builder_version=&#8220;4.16&#8243; background_position=&#8220;top_left&#8220; custom_padding=&#8220;|||&#8220; global_colors_info=&#8220;{}&#8220; custom_padding__hover=&#8220;|||&#8220;][et_pb_text _builder_version=&#8220;4.24.2&#8243; background_size=&#8220;initial&#8220; background_position=&#8220;top_left&#8220; background_repeat=&#8220;repeat&#8220; hover_enabled=&#8220;0&#8243; border_style=&#8220;solid&#8220; global_colors_info=&#8220;{}&#8220; sticky_enabled=&#8220;0&#8243;]</p>
<h1>Events &#038; More</h1>
<p>[/et_pb_text][/et_pb_column][/et_pb_row][et_pb_row column_structure=&#8220;3_5,2_5&#8243; _builder_version=&#8220;4.16&#8243; background_size=&#8220;initial&#8220; background_position=&#8220;top_left&#8220; background_repeat=&#8220;repeat&#8220; global_colors_info=&#8220;{}&#8220;][et_pb_column type=&#8220;3_5&#8243; _builder_version=&#8220;4.16&#8243; custom_padding=&#8220;|||&#8220; global_colors_info=&#8220;{}&#8220; custom_padding__hover=&#8220;|||&#8220;][et_pb_image src=&#8220;https://fincacatering.com/wp-content/uploads/2024/02/events-and-more.jpeg&#8220; title_text=&#8220;events-and-more&#8220; _builder_version=&#8220;4.24.2&#8243; _module_preset=&#8220;default&#8220; global_colors_info=&#8220;{}&#8220;][/et_pb_image][et_pb_text _builder_version=&#8220;4.24.2&#8243; background_size=&#8220;initial&#8220; background_position=&#8220;top_left&#8220; background_repeat=&#8220;repeat&#8220; hover_enabled=&#8220;0&#8243; border_style=&#8220;solid&#8220; global_colors_info=&#8220;{}&#8220; sticky_enabled=&#8220;0&#8243;]</p>
<h4>Ihr Schlüssel zu unvergesslichen Events auf Mallorca</h4>
<p>Wenn Sie auf der Suche nach einem zuverlässigen Partner auf Mallorca sind, der Ihre Eventplanung nicht nur erleichtert, sondern sie zu einem wahren Fest für die Sinne macht, dann sind Sie bei uns genau richtig. Unser erfahrenes Finca Catering-Team ist darauf spezialisiert, Sie und Ihre Gäste mit einer Vielfalt an kulinarischen Kreationen zu verwöhnen. Wir setzen auf frische, saisonale Zutaten, um Menüs zu kreieren, die Ihre Geschmackserwartungen übertreffen &#8211; von Menüs bis hin zu Live-Cooking-Station, bei denen unsere talentierten Köche ihre Gerichte direkt vor Ihren Augen zubereiten.</p>
<p>Jedes Detail zählt, und deshalb ergänzen wir unsere kulinarischen Angebote mit einem umfassenden Service, der die Lieferung der Einrichtung umfasst. Doch unser Service geht über das Catering hinaus. Wir öffnen Ihnen die Türen zu unserem Netzwerk von bewährten Lieferanten für Blumen, Dekoration, Musik, Künstler und Fotografie.<br />
Mit diesem starken Rückhalt können Sie sich darauf verlassen, dass jedes Detail – mit größter Hingabe und Professionalität – realisiert wird. Unsere langjährige Erfahrung sorgt dafür, dass die kulinarischen Highlights Ihrer Feier harmonisch in ein Gesamterlebnis eingebettet werden. Vertrauen Sie auf unser Engagement, Ihr Event zu einem unvergesslichen Ereignis zu machen, an das sich Ihre Gäste noch lange erinnern werden. </p>
<p>Mit herzlichsten Grüßen und den besten Wünschen für Ihre bevorstehende Feier, Carol Bellés, Stefan Schmäing und das Team von Finca Catering auf Mallorca.[/et_pb_text][/et_pb_column][et_pb_column type=&#8220;2_5&#8243; _builder_version=&#8220;4.16&#8243; custom_padding=&#8220;|||&#8220; global_colors_info=&#8220;{}&#8220; custom_padding__hover=&#8220;|||&#8220;][et_pb_code _builder_version=&#8220;4.16&#8243; _module_preset=&#8220;default&#8220; global_colors_info=&#8220;{}&#8220;]
<div class="wpcf7 no-js" id="wpcf7-f6643-o1" lang="en-US" dir="ltr" data-wpcf7-id="6643">
<div class="screen-reader-response"><p role="status" aria-live="polite" aria-atomic="true"></p> <ul></ul></div>
<form action="/de/wp-json/wp/v2/pages/5260#wpcf7-f6643-o1" method="post" class="wpcf7-form init" aria-label="Contact form" novalidate="novalidate" data-status="init">
<fieldset class="hidden-fields-container"><input type="hidden" name="_wpcf7" value="6643" /><input type="hidden" name="_wpcf7_version" value="6.1.5" /><input type="hidden" name="_wpcf7_locale" value="en_US" /><input type="hidden" name="_wpcf7_unit_tag" value="wpcf7-f6643-o1" /><input type="hidden" name="_wpcf7_container_post" value="0" /><input type="hidden" name="_wpcf7_posted_data_hash" value="" /><input type="hidden" name="_wpcf7dtx_version" value="5.0.4" />
</fieldset>
<span class="wpcf7-form-control-wrap servicio" data-name="servicio"><input type="hidden" name="servicio" class="wpcf7-form-control wpcf7-hidden wpcf7dtx wpcf7dtx-hidden" aria-invalid="false" value="Events &amp; More"></span>
<div class="form-finca">
	<h4>Get more info:
	</h4>
	<p>Name *
	</p>
	<p><span class="wpcf7-form-control-wrap" data-name="your-name"><input size="40" maxlength="400" class="wpcf7-form-control wpcf7-text wpcf7-validates-as-required" aria-required="true" aria-invalid="false" value="" type="text" name="your-name" /></span>
	</p>
	<p>Email *
	</p>
	<p><span class="wpcf7-form-control-wrap" data-name="your-email"><input size="40" maxlength="400" class="wpcf7-form-control wpcf7-email wpcf7-validates-as-required wpcf7-text wpcf7-validates-as-email" aria-required="true" aria-invalid="false" value="" type="email" name="your-email" /></span>
	</p>
	<p>Telefon
	</p>
	<p><span class="wpcf7-form-control-wrap" data-name="your-phone"><input size="40" maxlength="400" class="wpcf7-form-control wpcf7-text" aria-invalid="false" value="" type="text" name="your-phone" /></span>
	</p>
	<p>Nachricht
	</p>
	<p><span class="wpcf7-form-control-wrap" data-name="your-message"><textarea cols="40" rows="10" maxlength="2000" class="wpcf7-form-control wpcf7-textarea" aria-invalid="false" name="your-message"></textarea></span>
	</p>
	<p><span class="wpcf7-form-control-wrap" data-name="politica"><span class="wpcf7-form-control wpcf7-acceptance"><span class="wpcf7-list-item"><input type="checkbox" name="politica" value="1" aria-invalid="false" /></span></span></span> Ich habe die Datenschutzerklärung gelesen und stimme dieser zu
	</p>
	<p><input class="wpcf7-form-control wpcf7-submit has-spinner" type="submit" value="Senden" />
	</p>
</div><p style="display: none !important;" class="akismet-fields-container" data-prefix="_wpcf7_ak_"><label>&#916;<textarea name="_wpcf7_ak_hp_textarea" cols="45" rows="8" maxlength="100"></textarea></label><input type="hidden" id="ak_js_1" name="_wpcf7_ak_js" value="66"/><script>document.getElementById( "ak_js_1" ).setAttribute( "value", ( new Date() ).getTime() );</script></p><div class="wpcf7-response-output" aria-hidden="true"></div>
</form>
</div>
[/et_pb_code][/et_pb_column][/et_pb_row][/et_pb_section]</p>

<p>Events &#038; MoreIhr Schlüssel zu unvergesslichen Events auf Mallorca Wenn Sie auf der Suche nach einem zuverlässigen Partner auf Mallorca sind, der Ihre Eventplanung nicht nur erleichtert, sondern sie zu einem wahren Fest für die Sinne macht, dann sind Sie bei uns genau richtig. Unser erfahrenes Finca Catering-Team ist darauf spezialisiert, Sie und Ihre Gäste [&hellip;]</p>
